{"id":1775,"date":"2023-03-29T21:26:00","date_gmt":"2023-03-29T21:26:00","guid":{"rendered":"https:\/\/spacetech.pt\/site\/?post_type=product&#038;p=1775"},"modified":"2023-09-08T11:31:18","modified_gmt":"2023-09-08T11:31:18","slug":"samsung-galaxy-a14-4g-6-6-dual-sim-4gb-64gb-preto","status":"publish","type":"product","link":"https:\/\/spacetech.pt\/site\/product\/samsung-galaxy-a14-4g-6-6-dual-sim-4gb-64gb-preto\/","title":{"rendered":"Samsung Galaxy A14 4G 6.6&#8243; Dual SIM 4GB\/64GB Preto"},"content":{"rendered":"<div class=\"c-drAvwG\">\n<h1 class=\"c-gEIijh c-caSSG\" data-test-id=\"topbox-sticky-product-name\">Samsung Galaxy A14 4G 6.6&#8243; Dual SIM 4GB\/64GB Preto<\/h1>\n<\/div>\n<div class=\"c-JFfKA\">\n<div class=\"c-bgEFIf\">\n<section class=\"c-gYBZre c-PJLV\">\n<h2 class=\"c-kzxGrr\">Caracter\u00edsticas<\/h2>\n<div class=\"c-dJQpeH\">\n<div class=\"c-hZcBnW\">\n<div class=\"c-bPAdAq\">\n<h3 class=\"c-cjxfUp\">Rede<\/h3>\n<ul class=\"c-gRdNIr\">\n<li class=\"c-eHqchX\"><span class=\"c-khNXFk\">Vers\u00e3o Bluetooth<\/span><span class=\"c-gNXYgk\">5.3<\/span><\/li>\n<li class=\"c-eHqchX\"><span class=\"c-khNXFk\">Padr\u00e3o 4G<\/span><span class=\"c-gNXYgk\">LTE-TDD &amp; LTE-FDD<\/span><\/li>\n<li class=\"c-eHqchX\"><span class=\"c-khNXFk\">Padr\u00f5es 3G<\/span><span class=\"c-gNXYgk\">WCDMA<\/span><\/li>\n<li class=\"c-eHqchX\"><span class=\"c-khNXFk\">Conectividade com App<\/span>\n<div class=\"c-gtWDsx c-gtWDsx-iPJLV-css\"><\/div>\n<\/li>\n<li class=\"c-eHqchX\"><span class=\"c-khNXFk\">Com Wi-Fi<\/span>\n<div class=\"c-gtWDsx c-gtWDsx-iPJLV-css\"><\/div>\n<\/li>\n<li class=\"c-eHqchX\"><span class=\"c-khNXFk\">Rede<\/span><span class=\"c-gNXYgk\">4G<\/span><\/li>\n<li class=\"c-eHqchX\"><span class=\"c-khNXFk\">Norma 5G<\/span><span class=\"c-gNXYgk\">N\u00e3o suportado<\/span><\/li>\n<li class=\"c-eHqchX\"><span class=\"c-khNXFk\">Wi-Fi Direct<\/span>\n<div class=\"c-gtWDsx c-gtWDsx-iPJLV-css\"><\/div>\n<\/li>\n<li class=\"c-eHqchX\"><span class=\"c-khNXFk\">Operadora<\/span><span class=\"c-gNXYgk\">Desbloqueados<\/span><\/li>\n<\/ul>\n<\/div>\n<div class=\"c-bPAdAq\">\n<h3 class=\"c-cjxfUp\">Pesos e Dimens\u00f5es<\/h3>\n<ul class=\"c-gRdNIr\">\n<li class=\"c-eHqchX\"><span class=\"c-khNXFk\">Altura<\/span><span class=\"c-gNXYgk\">167,7 mm<\/span><\/li>\n<li class=\"c-eHqchX\"><span class=\"c-khNXFk\">Largura<\/span><span class=\"c-gNXYgk\">78 mm<\/span><\/li>\n<li class=\"c-eHqchX\"><span class=\"c-khNXFk\">Profundidade<\/span><span class=\"c-gNXYgk\">9,1 mm<\/span><\/li>\n<li class=\"c-eHqchX\"><span class=\"c-khNXFk\">Peso<\/span><span class=\"c-gNXYgk\">201 g<\/span><\/li>\n<\/ul>\n<\/div>\n<div class=\"c-bPAdAq\">\n<h3 class=\"c-cjxfUp\">Ecr\u00e3<\/h3>\n<ul class=\"c-gRdNIr\">\n<li class=\"c-eHqchX\"><span class=\"c-khNXFk\">Resolu\u00e7\u00e3o de Ecr\u00e3<\/span><span class=\"c-gNXYgk\">1080 x 2408 pixels<\/span><\/li>\n<li class=\"c-eHqchX\"><span class=\"c-khNXFk\">Tecnologia do Ecr\u00e3<\/span><span class=\"c-gNXYgk\">PLS<\/span><\/li>\n<li class=\"c-eHqchX\"><span class=\"c-khNXFk\">Tamanho de Ecr\u00e3<\/span><span class=\"c-gNXYgk\">6.6 &#8220;<\/span><\/li>\n<\/ul>\n<\/div>\n<div class=\"c-bPAdAq\">\n<h3 class=\"c-cjxfUp\">Conectividade<\/h3>\n<ul class=\"c-gRdNIr\">\n<li class=\"c-eHqchX\"><span class=\"c-khNXFk\">Tipo de conetor USB<\/span><span class=\"c-gNXYgk\">USB Type-C<\/span><\/li>\n<li class=\"c-eHqchX\"><span class=\"c-khNXFk\">Entradas de Auscultadores<\/span><span class=\"c-gNXYgk\">3.5 mm<\/span><\/li>\n<\/ul>\n<\/div>\n<div class=\"c-bPAdAq\">\n<h3 class=\"c-cjxfUp\">Sensores<\/h3>\n<ul class=\"c-gRdNIr\">\n<li class=\"c-eHqchX\"><span class=\"c-khNXFk\">Sensor geomagn\u00e9tico<\/span>\n<div class=\"c-gtWDsx c-gtWDsx-iPJLV-css\"><\/div>\n<\/li>\n<li class=\"c-eHqchX\"><span class=\"c-khNXFk\">Sensor de proximidade<\/span>\n<div class=\"c-gtWDsx c-gtWDsx-iPJLV-css\"><\/div>\n<\/li>\n<li class=\"c-eHqchX\"><span class=\"c-khNXFk\">Sensor de luz ambiente<\/span>\n<div class=\"c-gtWDsx c-gtWDsx-iPJLV-css\"><\/div>\n<\/li>\n<li class=\"c-eHqchX\"><span class=\"c-khNXFk\">Aceler\u00f3metro<\/span>\n<div class=\"c-gtWDsx c-gtWDsx-iPJLV-css\"><\/div>\n<\/li>\n<\/ul>\n<\/div>\n<div class=\"c-bPAdAq\">\n<h3 class=\"c-cjxfUp\">Bateria<\/h3>\n<ul class=\"c-gRdNIr\">\n<li class=\"c-eHqchX\"><span class=\"c-khNXFk\">Capacidade<\/span><span class=\"c-gNXYgk\">5000 mAh<\/span><\/li>\n<\/ul>\n<\/div>\n<div class=\"c-bPAdAq\">\n<h3 class=\"c-cjxfUp\">Capacidade do Cart\u00e3o SIM<\/h3>\n<ul class=\"c-gRdNIr\">\n<li class=\"c-eHqchX\"><span class=\"c-khNXFk\">Dual SIM<\/span>\n<div class=\"c-gtWDsx c-gtWDsx-iPJLV-css\"><\/div>\n<\/li>\n<\/ul>\n<\/div>\n<\/div>\n<div class=\"c-hZcBnW\">\n<div class=\"c-bPAdAq\">\n<h3 class=\"c-cjxfUp\">C\u00e2mera<\/h3>\n<ul class=\"c-gRdNIr\">\n<li class=\"c-eHqchX\"><span class=\"c-khNXFk\">Resolu\u00e7\u00e3o da c\u00e2mara traseira (num\u00e9rico)<\/span><span class=\"c-gNXYgk\">50 MP<\/span><\/li>\n<li class=\"c-eHqchX\"><span class=\"c-khNXFk\">Resolu\u00e7\u00e3o de v\u00eddeo<\/span><span class=\"c-gNXYgk\">1920 x 1080 pixels<\/span><\/li>\n<li class=\"c-eHqchX\"><span class=\"c-khNXFk\">Tipo de c\u00e2mara traseira<\/span><span class=\"c-gNXYgk\">C\u00e2mara tripla<\/span><\/li>\n<li class=\"c-eHqchX\"><span class=\"c-khNXFk\">Resolu\u00e7\u00e3o da segunda c\u00e2mara traseira (num\u00e9rica)<\/span><span class=\"c-gNXYgk\">5 MP<\/span><\/li>\n<li class=\"c-eHqchX\"><span class=\"c-khNXFk\">N\u00famero da abertura da c\u00e2mara traseira<\/span><span class=\"c-gNXYgk\">1,8<\/span><\/li>\n<li class=\"c-eHqchX\"><span class=\"c-khNXFk\">Resolu\u00e7\u00e3o da terceira c\u00e2mara traseira (num\u00e9rico)<\/span><span class=\"c-gNXYgk\">2 MP<\/span><\/li>\n<li class=\"c-eHqchX\"><span class=\"c-khNXFk\">Flash da c\u00e2mara traseira<\/span>\n<div class=\"c-gtWDsx c-gtWDsx-iPJLV-css\"><\/div>\n<\/li>\n<li class=\"c-eHqchX\"><span class=\"c-khNXFk\">Zoom digital<\/span><span class=\"c-gNXYgk\">10 x<\/span><\/li>\n<\/ul>\n<\/div>\n<div class=\"c-bPAdAq\">\n<h3 class=\"c-cjxfUp\">Navega\u00e7\u00e3o<\/h3>\n<ul class=\"c-gRdNIr\">\n<li class=\"c-eHqchX\"><span class=\"c-khNXFk\">GLONASS<\/span>\n<div class=\"c-gtWDsx c-gtWDsx-iPJLV-css\"><\/div>\n<\/li>\n<li class=\"c-eHqchX\"><span class=\"c-khNXFk\">Localiza\u00e7\u00e3o<\/span>\n<div class=\"c-gtWDsx c-gtWDsx-iPJLV-css\"><\/div>\n<\/li>\n<li class=\"c-eHqchX\"><span class=\"c-khNXFk\">BeiDou<\/span>\n<div class=\"c-gtWDsx c-gtWDsx-iPJLV-css\"><\/div>\n<\/li>\n<li class=\"c-eHqchX\"><span class=\"c-khNXFk\">GPS Inclu\u00eddo<\/span>\n<div class=\"c-gtWDsx c-gtWDsx-iPJLV-css\"><\/div>\n<\/li>\n<li class=\"c-eHqchX\"><span class=\"c-khNXFk\">Galileo<\/span>\n<div class=\"c-gtWDsx c-gtWDsx-iPJLV-css\"><\/div>\n<\/li>\n<li class=\"c-eHqchX\"><span class=\"c-khNXFk\">Sistema de sat\u00e9lite Quasi-Zenith (QZSS)<\/span>\n<div class=\"c-gtWDsx c-gtWDsx-iPJLV-css\"><\/div>\n<\/li>\n<\/ul>\n<\/div>\n<div class=\"c-bPAdAq\">\n<h3 class=\"c-cjxfUp\">Monitores<\/h3>\n<ul class=\"c-gRdNIr\">\n<li class=\"c-eHqchX\"><span class=\"c-khNXFk\">Resolu\u00e7\u00e3o de Ecr\u00e3<\/span><span class=\"c-gNXYgk\">1080 x 2408 pixels<\/span><\/li>\n<li class=\"c-eHqchX\"><span class=\"c-khNXFk\">Formato<\/span><span class=\"c-gNXYgk\">Plano<\/span><\/li>\n<li class=\"c-eHqchX\"><span class=\"c-khNXFk\">Com Ecr\u00e3<\/span><span class=\"c-gNXYgk\">16 milh\u00f5es de cores<\/span><\/li>\n<li class=\"c-eHqchX\"><span class=\"c-khNXFk\">Tecnologia do Ecr\u00e3<\/span><span class=\"c-gNXYgk\">PLS<\/span><\/li>\n<\/ul>\n<\/div>\n<div class=\"c-bPAdAq\">\n<h3 class=\"c-cjxfUp\">Design e Caracter\u00edsticas F\u00edsicas<\/h3>\n<ul class=\"c-gRdNIr\">\n<li class=\"c-eHqchX\"><span class=\"c-khNXFk\">Cor<\/span><span class=\"c-gNXYgk\">Black<\/span><\/li>\n<li class=\"c-eHqchX\"><span class=\"c-khNXFk\">Formato<\/span><span class=\"c-gNXYgk\">Barra<\/span><\/li>\n<\/ul>\n<\/div>\n<div class=\"c-bPAdAq\">\n<h3 class=\"c-cjxfUp\">M\u00eddia de armazenamento<\/h3>\n<ul class=\"c-gRdNIr\">\n<li class=\"c-eHqchX\"><span class=\"c-khNXFk\">Tipos de cart\u00e3o de mem\u00f3ria compat\u00edveis<\/span><span class=\"c-gNXYgk\">MicroSD (TransFlash)<\/span><\/li>\n<li class=\"c-eHqchX\"><span class=\"c-khNXFk\">Mem\u00f3ria RAM<\/span><span class=\"c-gNXYgk\">4 GB<\/span><\/li>\n<li class=\"c-eHqchX\"><span class=\"c-khNXFk\">Mem\u00f3ria Interna<\/span><span class=\"c-gNXYgk\">64 GB<\/span><\/li>\n<\/ul>\n<\/div>\n<div class=\"c-bPAdAq\">\n<h3 class=\"c-cjxfUp\">M\u00eddia de armazenamento<\/h3>\n<ul class=\"c-gRdNIr\">\n<li class=\"c-eHqchX\"><span class=\"c-khNXFk\">Capacidade<\/span><span class=\"c-gNXYgk\">At\u00e9 64 GB<\/span><\/li>\n<\/ul>\n<\/div>\n<\/div>\n<\/div>\n<\/section>\n<div class=\"c-gOYXKZ\"><span class=\"c-cUnbMK\">C\u00f3digo de barras:<\/span><span class=\"c-ijYvwD\">8806094843484<\/span><\/div>\n<div class=\"c-gOYXKZ\"><span class=\"c-cUnbMK\">Refer\u00eancia:<\/span><span class=\"c-ijYvwD\">SM-A145RZKUEUB<\/span><\/div>\n<\/div>\n<\/div>\n","protected":false},"excerpt":{"rendered":"<p>O Samsung Galaxy A14 \u00e9 um smartphone com um tamanho de tela diagonal de 16,8 cm (6,6 polegadas) e uma resolu\u00e7\u00e3o de 1080 x 2408 pixels. Ele usa um tipo de tela chamado PLS, que \u00e9 semelhante \u00e0 tecnologia de tela LCD.<\/p>\n<p>Com 4GB de RAM e 64GB de armazenamento interno, o Samsung Galaxy A14 deve ser capaz de executar v\u00e1rias tarefas ao mesmo tempo sem problemas e oferecer espa\u00e7o suficiente para armazenar arquivos, aplicativos e outros dados.<\/p>\n<p>A c\u00e2mera traseira do Galaxy A14 possui um sensor de 50 megapixels e \u00e9 do tipo c\u00e2mera tripla, o que significa que inclui tr\u00eas c\u00e2meras diferentes para diferentes fun\u00e7\u00f5es, como lente ultra-wide e telefoto. Essa configura\u00e7\u00e3o de c\u00e2mera pode fornecer imagens n\u00edtidas e detalhadas em uma variedade de condi\u00e7\u00f5es de ilumina\u00e7\u00e3o.<\/p>\n","protected":false},"featured_media":1776,"comment_status":"open","ping_status":"closed","template":"","meta":[],"product_brand":[],"product_cat":[84],"product_tag":[],"class_list":{"0":"post-1775","1":"product","2":"type-product","3":"status-publish","4":"has-post-thumbnail","6":"product_cat-samsung","8":"first","9":"onbackorder","10":"taxable","11":"shipping-taxable","12":"purchasable","13":"product-type-simple"},"yoast_head":"<!-- This site is optimized with the Yoast SEO plugin v27.6 - https:\/\/yoast.com\/product\/yoast-seo-wordpress\/ -->\n<title>Samsung Galaxy A14 4G 6.6&quot; Dual SIM 4GB\/64GB Preto | SpaceTech<\/title>\n<meta name=\"description\" content=\"Samsung Galaxy A14. Tamanho do ecr\u00e3 na diagonal: 16,8 cm (6.6&quot;), Resolu\u00e7\u00e3o: 1080 x 2408 pixels, Tipo de ecr\u00e3: PLS. Capacidade RAM: 4 GB, Capacidade de ar...\" \/>\n<meta name=\"robots\" content=\"index, follow, max-snippet:-1, max-image-preview:large, max-video-preview:-1\" \/>\n<link rel=\"canonical\" href=\"https:\/\/spacetech.pt\/site\/product\/samsung-galaxy-a14-4g-6-6-dual-sim-4gb-64gb-preto\/\" \/>\n<meta property=\"og:locale\" content=\"pt_BR\" \/>\n<meta property=\"og:type\" content=\"article\" \/>\n<meta property=\"og:title\" content=\"Samsung Galaxy A14 4G 6.6&quot; Dual SIM 4GB\/64GB Preto | SpaceTech\" \/>\n<meta property=\"og:description\" content=\"Samsung Galaxy A14. Tamanho do ecr\u00e3 na diagonal: 16,8 cm (6.6&quot;), Resolu\u00e7\u00e3o: 1080 x 2408 pixels, Tipo de ecr\u00e3: PLS. Capacidade RAM: 4 GB, Capacidade de ar...\" \/>\n<meta property=\"og:url\" content=\"https:\/\/spacetech.pt\/site\/product\/samsung-galaxy-a14-4g-6-6-dual-sim-4gb-64gb-preto\/\" \/>\n<meta property=\"og:site_name\" content=\"SpaceTech\" \/>\n<meta property=\"article:publisher\" content=\"https:\/\/www.facebook.com\/SpaceTech-104699978252826\" \/>\n<meta property=\"article:modified_time\" content=\"2023-09-08T11:31:18+00:00\" \/>\n<meta property=\"og:image\" content=\"https:\/\/spacetech.pt\/site\/wp-content\/uploads\/2023\/03\/Samsung-Galaxy-A14-4G-66-Dual-SIM-4GB64GB-Preto.jpg\" \/>\n\t<meta property=\"og:image:width\" content=\"600\" \/>\n\t<meta property=\"og:image:height\" content=\"600\" \/>\n\t<meta property=\"og:image:type\" content=\"image\/jpeg\" \/>\n<meta name=\"twitter:card\" content=\"summary_large_image\" \/>\n<meta name=\"twitter:label1\" content=\"Est. tempo de leitura\" \/>\n\t<meta name=\"twitter:data1\" content=\"2 minutos\" \/>\n<script type=\"application\/ld+json\" class=\"yoast-schema-graph\">{\"@context\":\"https:\\\/\\\/schema.org\",\"@graph\":[{\"@type\":\"WebPage\",\"@id\":\"https:\\\/\\\/spacetech.pt\\\/site\\\/product\\\/samsung-galaxy-a14-4g-6-6-dual-sim-4gb-64gb-preto\\\/\",\"url\":\"https:\\\/\\\/spacetech.pt\\\/site\\\/product\\\/samsung-galaxy-a14-4g-6-6-dual-sim-4gb-64gb-preto\\\/\",\"name\":\"Samsung Galaxy A14 4G 6.6\\\" Dual SIM 4GB\\\/64GB Preto | SpaceTech\",\"isPartOf\":{\"@id\":\"https:\\\/\\\/spacetech.pt\\\/site\\\/#website\"},\"primaryImageOfPage\":{\"@id\":\"https:\\\/\\\/spacetech.pt\\\/site\\\/product\\\/samsung-galaxy-a14-4g-6-6-dual-sim-4gb-64gb-preto\\\/#primaryimage\"},\"image\":{\"@id\":\"https:\\\/\\\/spacetech.pt\\\/site\\\/product\\\/samsung-galaxy-a14-4g-6-6-dual-sim-4gb-64gb-preto\\\/#primaryimage\"},\"thumbnailUrl\":\"https:\\\/\\\/spacetech.pt\\\/site\\\/wp-content\\\/uploads\\\/2023\\\/03\\\/Samsung-Galaxy-A14-4G-66-Dual-SIM-4GB64GB-Preto.jpg\",\"datePublished\":\"2023-03-29T21:26:00+00:00\",\"dateModified\":\"2023-09-08T11:31:18+00:00\",\"description\":\"Samsung Galaxy A14. Tamanho do ecr\u00e3 na diagonal: 16,8 cm (6.6\\\"), Resolu\u00e7\u00e3o: 1080 x 2408 pixels, Tipo de ecr\u00e3: PLS. Capacidade RAM: 4 GB, Capacidade de ar...\",\"breadcrumb\":{\"@id\":\"https:\\\/\\\/spacetech.pt\\\/site\\\/product\\\/samsung-galaxy-a14-4g-6-6-dual-sim-4gb-64gb-preto\\\/#breadcrumb\"},\"inLanguage\":\"pt-BR\",\"potentialAction\":[{\"@type\":\"ReadAction\",\"target\":[\"https:\\\/\\\/spacetech.pt\\\/site\\\/product\\\/samsung-galaxy-a14-4g-6-6-dual-sim-4gb-64gb-preto\\\/\"]}]},{\"@type\":\"ImageObject\",\"inLanguage\":\"pt-BR\",\"@id\":\"https:\\\/\\\/spacetech.pt\\\/site\\\/product\\\/samsung-galaxy-a14-4g-6-6-dual-sim-4gb-64gb-preto\\\/#primaryimage\",\"url\":\"https:\\\/\\\/spacetech.pt\\\/site\\\/wp-content\\\/uploads\\\/2023\\\/03\\\/Samsung-Galaxy-A14-4G-66-Dual-SIM-4GB64GB-Preto.jpg\",\"contentUrl\":\"https:\\\/\\\/spacetech.pt\\\/site\\\/wp-content\\\/uploads\\\/2023\\\/03\\\/Samsung-Galaxy-A14-4G-66-Dual-SIM-4GB64GB-Preto.jpg\",\"width\":600,\"height\":600,\"caption\":\"Samsung Galaxy A14 4G 6.6\\\" Dual SIM 4GB\\\/64GB Preto\"},{\"@type\":\"BreadcrumbList\",\"@id\":\"https:\\\/\\\/spacetech.pt\\\/site\\\/product\\\/samsung-galaxy-a14-4g-6-6-dual-sim-4gb-64gb-preto\\\/#breadcrumb\",\"itemListElement\":[{\"@type\":\"ListItem\",\"position\":1,\"name\":\"In\u00edcio\",\"item\":\"https:\\\/\\\/spacetech.pt\\\/site\\\/\"},{\"@type\":\"ListItem\",\"position\":2,\"name\":\"Loja de Telem\u00f3veis\",\"item\":\"https:\\\/\\\/spacetech.pt\\\/site\\\/\"},{\"@type\":\"ListItem\",\"position\":3,\"name\":\"Samsung Galaxy A14 4G 6.6&#8243; Dual SIM 4GB\\\/64GB Preto\"}]},{\"@type\":\"WebSite\",\"@id\":\"https:\\\/\\\/spacetech.pt\\\/site\\\/#website\",\"url\":\"https:\\\/\\\/spacetech.pt\\\/site\\\/\",\"name\":\"SpaceTech\",\"description\":\"Gadgets de Qualidade\",\"publisher\":{\"@id\":\"https:\\\/\\\/spacetech.pt\\\/site\\\/#organization\"},\"potentialAction\":[{\"@type\":\"SearchAction\",\"target\":{\"@type\":\"EntryPoint\",\"urlTemplate\":\"https:\\\/\\\/spacetech.pt\\\/site\\\/?s={search_term_string}\"},\"query-input\":{\"@type\":\"PropertyValueSpecification\",\"valueRequired\":true,\"valueName\":\"search_term_string\"}}],\"inLanguage\":\"pt-BR\"},{\"@type\":\"Organization\",\"@id\":\"https:\\\/\\\/spacetech.pt\\\/site\\\/#organization\",\"name\":\"SpaceTech\",\"url\":\"https:\\\/\\\/spacetech.pt\\\/site\\\/\",\"logo\":{\"@type\":\"ImageObject\",\"inLanguage\":\"pt-BR\",\"@id\":\"https:\\\/\\\/spacetech.pt\\\/site\\\/#\\\/schema\\\/logo\\\/image\\\/\",\"url\":\"https:\\\/\\\/spacetech.pt\\\/site\\\/wp-content\\\/uploads\\\/2021\\\/01\\\/cropped-logo-spacetech-quadrado.jpg\",\"contentUrl\":\"https:\\\/\\\/spacetech.pt\\\/site\\\/wp-content\\\/uploads\\\/2021\\\/01\\\/cropped-logo-spacetech-quadrado.jpg\",\"width\":512,\"height\":512,\"caption\":\"SpaceTech\"},\"image\":{\"@id\":\"https:\\\/\\\/spacetech.pt\\\/site\\\/#\\\/schema\\\/logo\\\/image\\\/\"},\"sameAs\":[\"https:\\\/\\\/www.facebook.com\\\/SpaceTech-104699978252826\",\"https:\\\/\\\/www.instagram.com\\\/spacetech.pt\\\/\"]}]}<\/script>\n<!-- \/ Yoast SEO plugin. -->","yoast_head_json":{"title":"Samsung Galaxy A14 4G 6.6\" Dual SIM 4GB\/64GB Preto | SpaceTech","description":"Samsung Galaxy A14. Tamanho do ecr\u00e3 na diagonal: 16,8 cm (6.6\"), Resolu\u00e7\u00e3o: 1080 x 2408 pixels, Tipo de ecr\u00e3: PLS. Capacidade RAM: 4 GB, Capacidade de ar...","robots":{"index":"index","follow":"follow","max-snippet":"max-snippet:-1","max-image-preview":"max-image-preview:large","max-video-preview":"max-video-preview:-1"},"canonical":"https:\/\/spacetech.pt\/site\/product\/samsung-galaxy-a14-4g-6-6-dual-sim-4gb-64gb-preto\/","og_locale":"pt_BR","og_type":"article","og_title":"Samsung Galaxy A14 4G 6.6\" Dual SIM 4GB\/64GB Preto | SpaceTech","og_description":"Samsung Galaxy A14. Tamanho do ecr\u00e3 na diagonal: 16,8 cm (6.6\"), Resolu\u00e7\u00e3o: 1080 x 2408 pixels, Tipo de ecr\u00e3: PLS. Capacidade RAM: 4 GB, Capacidade de ar...","og_url":"https:\/\/spacetech.pt\/site\/product\/samsung-galaxy-a14-4g-6-6-dual-sim-4gb-64gb-preto\/","og_site_name":"SpaceTech","article_publisher":"https:\/\/www.facebook.com\/SpaceTech-104699978252826","article_modified_time":"2023-09-08T11:31:18+00:00","og_image":[{"width":600,"height":600,"url":"https:\/\/spacetech.pt\/site\/wp-content\/uploads\/2023\/03\/Samsung-Galaxy-A14-4G-66-Dual-SIM-4GB64GB-Preto.jpg","type":"image\/jpeg"}],"twitter_card":"summary_large_image","twitter_misc":{"Est. tempo de leitura":"2 minutos"},"schema":{"@context":"https:\/\/schema.org","@graph":[{"@type":"WebPage","@id":"https:\/\/spacetech.pt\/site\/product\/samsung-galaxy-a14-4g-6-6-dual-sim-4gb-64gb-preto\/","url":"https:\/\/spacetech.pt\/site\/product\/samsung-galaxy-a14-4g-6-6-dual-sim-4gb-64gb-preto\/","name":"Samsung Galaxy A14 4G 6.6\" Dual SIM 4GB\/64GB Preto | SpaceTech","isPartOf":{"@id":"https:\/\/spacetech.pt\/site\/#website"},"primaryImageOfPage":{"@id":"https:\/\/spacetech.pt\/site\/product\/samsung-galaxy-a14-4g-6-6-dual-sim-4gb-64gb-preto\/#primaryimage"},"image":{"@id":"https:\/\/spacetech.pt\/site\/product\/samsung-galaxy-a14-4g-6-6-dual-sim-4gb-64gb-preto\/#primaryimage"},"thumbnailUrl":"https:\/\/spacetech.pt\/site\/wp-content\/uploads\/2023\/03\/Samsung-Galaxy-A14-4G-66-Dual-SIM-4GB64GB-Preto.jpg","datePublished":"2023-03-29T21:26:00+00:00","dateModified":"2023-09-08T11:31:18+00:00","description":"Samsung Galaxy A14. Tamanho do ecr\u00e3 na diagonal: 16,8 cm (6.6\"), Resolu\u00e7\u00e3o: 1080 x 2408 pixels, Tipo de ecr\u00e3: PLS. Capacidade RAM: 4 GB, Capacidade de ar...","breadcrumb":{"@id":"https:\/\/spacetech.pt\/site\/product\/samsung-galaxy-a14-4g-6-6-dual-sim-4gb-64gb-preto\/#breadcrumb"},"inLanguage":"pt-BR","potentialAction":[{"@type":"ReadAction","target":["https:\/\/spacetech.pt\/site\/product\/samsung-galaxy-a14-4g-6-6-dual-sim-4gb-64gb-preto\/"]}]},{"@type":"ImageObject","inLanguage":"pt-BR","@id":"https:\/\/spacetech.pt\/site\/product\/samsung-galaxy-a14-4g-6-6-dual-sim-4gb-64gb-preto\/#primaryimage","url":"https:\/\/spacetech.pt\/site\/wp-content\/uploads\/2023\/03\/Samsung-Galaxy-A14-4G-66-Dual-SIM-4GB64GB-Preto.jpg","contentUrl":"https:\/\/spacetech.pt\/site\/wp-content\/uploads\/2023\/03\/Samsung-Galaxy-A14-4G-66-Dual-SIM-4GB64GB-Preto.jpg","width":600,"height":600,"caption":"Samsung Galaxy A14 4G 6.6\" Dual SIM 4GB\/64GB Preto"},{"@type":"BreadcrumbList","@id":"https:\/\/spacetech.pt\/site\/product\/samsung-galaxy-a14-4g-6-6-dual-sim-4gb-64gb-preto\/#breadcrumb","itemListElement":[{"@type":"ListItem","position":1,"name":"In\u00edcio","item":"https:\/\/spacetech.pt\/site\/"},{"@type":"ListItem","position":2,"name":"Loja de Telem\u00f3veis","item":"https:\/\/spacetech.pt\/site\/"},{"@type":"ListItem","position":3,"name":"Samsung Galaxy A14 4G 6.6&#8243; Dual SIM 4GB\/64GB Preto"}]},{"@type":"WebSite","@id":"https:\/\/spacetech.pt\/site\/#website","url":"https:\/\/spacetech.pt\/site\/","name":"SpaceTech","description":"Gadgets de Qualidade","publisher":{"@id":"https:\/\/spacetech.pt\/site\/#organization"},"potentialAction":[{"@type":"SearchAction","target":{"@type":"EntryPoint","urlTemplate":"https:\/\/spacetech.pt\/site\/?s={search_term_string}"},"query-input":{"@type":"PropertyValueSpecification","valueRequired":true,"valueName":"search_term_string"}}],"inLanguage":"pt-BR"},{"@type":"Organization","@id":"https:\/\/spacetech.pt\/site\/#organization","name":"SpaceTech","url":"https:\/\/spacetech.pt\/site\/","logo":{"@type":"ImageObject","inLanguage":"pt-BR","@id":"https:\/\/spacetech.pt\/site\/#\/schema\/logo\/image\/","url":"https:\/\/spacetech.pt\/site\/wp-content\/uploads\/2021\/01\/cropped-logo-spacetech-quadrado.jpg","contentUrl":"https:\/\/spacetech.pt\/site\/wp-content\/uploads\/2021\/01\/cropped-logo-spacetech-quadrado.jpg","width":512,"height":512,"caption":"SpaceTech"},"image":{"@id":"https:\/\/spacetech.pt\/site\/#\/schema\/logo\/image\/"},"sameAs":["https:\/\/www.facebook.com\/SpaceTech-104699978252826","https:\/\/www.instagram.com\/spacetech.pt\/"]}]}},"jetpack_sharing_enabled":true,"_links":{"self":[{"href":"https:\/\/spacetech.pt\/site\/wp-json\/wp\/v2\/product\/1775","targetHints":{"allow":["GET"]}}],"collection":[{"href":"https:\/\/spacetech.pt\/site\/wp-json\/wp\/v2\/product"}],"about":[{"href":"https:\/\/spacetech.pt\/site\/wp-json\/wp\/v2\/types\/product"}],"replies":[{"embeddable":true,"href":"https:\/\/spacetech.pt\/site\/wp-json\/wp\/v2\/comments?post=1775"}],"wp:featuredmedia":[{"embeddable":true,"href":"https:\/\/spacetech.pt\/site\/wp-json\/wp\/v2\/media\/1776"}],"wp:attachment":[{"href":"https:\/\/spacetech.pt\/site\/wp-json\/wp\/v2\/media?parent=1775"}],"wp:term":[{"taxonomy":"product_brand","embeddable":true,"href":"https:\/\/spacetech.pt\/site\/wp-json\/wp\/v2\/product_brand?post=1775"},{"taxonomy":"product_cat","embeddable":true,"href":"https:\/\/spacetech.pt\/site\/wp-json\/wp\/v2\/product_cat?post=1775"},{"taxonomy":"product_tag","embeddable":true,"href":"https:\/\/spacetech.pt\/site\/wp-json\/wp\/v2\/product_tag?post=1775"}],"curies":[{"name":"wp","href":"https:\/\/api.w.org\/{rel}","templated":true}]}}