{"id":1653,"date":"2023-02-24T11:35:24","date_gmt":"2023-02-24T11:35:24","guid":{"rendered":"https:\/\/spacetech.pt\/site\/?post_type=product&#038;p=1653"},"modified":"2023-03-14T12:48:18","modified_gmt":"2023-03-14T12:48:18","slug":"xiaomi-redmi-10a-6-53-dual-sim-2gb-32gb-chrome-silver","status":"publish","type":"product","link":"https:\/\/spacetech.pt\/site\/product\/xiaomi-redmi-10a-6-53-dual-sim-2gb-32gb-chrome-silver\/","title":{"rendered":"Xiaomi Redmi 10A 6.53&#8243; Dual SIM 2GB\/32GB Chrome Silver"},"content":{"rendered":"<div class=\"c-fxyIaD\">\n<div class=\"c-gbBGZW\">\n<h1 class=\"c-gEIijh\">Xiaomi Redmi 10A 6.53&#8243; Dual SIM 2GB\/32GB Chrome Silver<\/h1>\n<\/div>\n<\/div>\n<div class=\"c-hmAmmA\">\n<div>\n<div class=\"c-cjuRbG\" aria-label=\"share\">\n<div class=\"c-gtWDsx c-gtWDsx-iPJLV-css\">\n<div class=\"c-gtWDsx c-gtWDsx-iPJLV-css\"><\/div>\n<\/div>\n<\/div>\n<\/div>\n<\/div>\n","protected":false},"excerpt":{"rendered":"<h2 class=\"c-kzxGrr\">Detalhes do Produto<\/h2>\n<div class=\"c-fkoqBN\">\n<div>\n<div id=\"description_kk_product\" data-created-id=\"12268\">\n<p>Xiaomi Redmi 10A em prata, 32 GB de capacidade em um terminal com c\u00e2mera de 13 MP e bateria de 5000 mAhProcessador MediaTek Helio G25 &#8211; 2 GB de RAM &#8211; 32 GB de capacidade &#8211; Tela Dot Drop de 6,53\\&#8221; &#8211; C\u00e2mera dupla de 13 MP &#8211; C\u00e2mera selfie de 5 MP &#8211; Bateria de 5000 mAh &#8211; Sensor de impress\u00e3o digital &#8211; Desbloqueio facial AI &#8211; Prata<\/p>\n<\/div>\n<\/div>\n<\/div>\n","protected":false},"featured_media":1654,"comment_status":"open","ping_status":"closed","template":"","meta":[],"product_brand":[],"product_cat":[86],"product_tag":[],"class_list":{"0":"post-1653","1":"product","2":"type-product","3":"status-publish","4":"has-post-thumbnail","6":"product_cat-xiaomi","8":"first","9":"onbackorder","10":"taxable","11":"shipping-taxable","12":"purchasable","13":"product-type-simple"},"yoast_head":"<!-- This site is optimized with the Yoast SEO plugin v27.0 - https:\/\/yoast.com\/product\/yoast-seo-wordpress\/ -->\n<title>Xiaomi Redmi 10A 6.53&quot; Dual SIM 2GB\/32GB Chrome Silver | SpaceTech<\/title>\n<meta name=\"description\" content=\"Xiaomi Redmi 10A em prata, 32 GB de capacidade em um terminal com c\u00e2mera de 13 MP e bateria de 5000 mAh Processador MediaTek H\u00e9lio G25 - 2 GB de RAM - 32 GB\" \/>\n<meta name=\"robots\" content=\"index, follow, max-snippet:-1, max-image-preview:large, max-video-preview:-1\" \/>\n<link rel=\"canonical\" href=\"https:\/\/spacetech.pt\/site\/product\/xiaomi-redmi-10a-6-53-dual-sim-2gb-32gb-chrome-silver\/\" \/>\n<meta property=\"og:locale\" content=\"pt_BR\" \/>\n<meta property=\"og:type\" content=\"article\" \/>\n<meta property=\"og:title\" content=\"Xiaomi Redmi 10A 6.53&quot; Dual SIM 2GB\/32GB Chrome Silver | SpaceTech\" \/>\n<meta property=\"og:description\" content=\"Xiaomi Redmi 10A em prata, 32 GB de capacidade em um terminal com c\u00e2mera de 13 MP e bateria de 5000 mAh Processador MediaTek H\u00e9lio G25 - 2 GB de RAM - 32 GB\" \/>\n<meta property=\"og:url\" content=\"https:\/\/spacetech.pt\/site\/product\/xiaomi-redmi-10a-6-53-dual-sim-2gb-32gb-chrome-silver\/\" \/>\n<meta property=\"og:site_name\" content=\"SpaceTech\" \/>\n<meta property=\"article:publisher\" content=\"https:\/\/www.facebook.com\/SpaceTech-104699978252826\" \/>\n<meta property=\"article:modified_time\" content=\"2023-03-14T12:48:18+00:00\" \/>\n<meta property=\"og:image\" content=\"https:\/\/spacetech.pt\/site\/wp-content\/uploads\/2023\/02\/Xiaomi-Redmi-10A-653-Dual-SIM-2GB32GB-Chrome-Silver.jpg\" \/>\n\t<meta property=\"og:image:width\" content=\"800\" \/>\n\t<meta property=\"og:image:height\" content=\"800\" \/>\n\t<meta property=\"og:image:type\" content=\"image\/jpeg\" \/>\n<meta name=\"twitter:card\" content=\"summary_large_image\" \/>\n<meta name=\"twitter:label1\" content=\"Est. tempo de leitura\" \/>\n\t<meta name=\"twitter:data1\" content=\"1 minuto\" \/>\n<script type=\"application\/ld+json\" class=\"yoast-schema-graph\">{\"@context\":\"https:\/\/schema.org\",\"@graph\":[{\"@type\":\"WebPage\",\"@id\":\"https:\/\/spacetech.pt\/site\/product\/xiaomi-redmi-10a-6-53-dual-sim-2gb-32gb-chrome-silver\/\",\"url\":\"https:\/\/spacetech.pt\/site\/product\/xiaomi-redmi-10a-6-53-dual-sim-2gb-32gb-chrome-silver\/\",\"name\":\"Xiaomi Redmi 10A 6.53\\\" Dual SIM 2GB\/32GB Chrome Silver | SpaceTech\",\"isPartOf\":{\"@id\":\"https:\/\/spacetech.pt\/site\/#website\"},\"primaryImageOfPage\":{\"@id\":\"https:\/\/spacetech.pt\/site\/product\/xiaomi-redmi-10a-6-53-dual-sim-2gb-32gb-chrome-silver\/#primaryimage\"},\"image\":{\"@id\":\"https:\/\/spacetech.pt\/site\/product\/xiaomi-redmi-10a-6-53-dual-sim-2gb-32gb-chrome-silver\/#primaryimage\"},\"thumbnailUrl\":\"https:\/\/spacetech.pt\/site\/wp-content\/uploads\/2023\/02\/Xiaomi-Redmi-10A-653-Dual-SIM-2GB32GB-Chrome-Silver.jpg\",\"datePublished\":\"2023-02-24T11:35:24+00:00\",\"dateModified\":\"2023-03-14T12:48:18+00:00\",\"description\":\"Xiaomi Redmi 10A em prata, 32 GB de capacidade em um terminal com c\u00e2mera de 13 MP e bateria de 5000 mAh Processador MediaTek H\u00e9lio G25 - 2 GB de RAM - 32 GB\",\"breadcrumb\":{\"@id\":\"https:\/\/spacetech.pt\/site\/product\/xiaomi-redmi-10a-6-53-dual-sim-2gb-32gb-chrome-silver\/#breadcrumb\"},\"inLanguage\":\"pt-BR\",\"potentialAction\":[{\"@type\":\"ReadAction\",\"target\":[\"https:\/\/spacetech.pt\/site\/product\/xiaomi-redmi-10a-6-53-dual-sim-2gb-32gb-chrome-silver\/\"]}]},{\"@type\":\"ImageObject\",\"inLanguage\":\"pt-BR\",\"@id\":\"https:\/\/spacetech.pt\/site\/product\/xiaomi-redmi-10a-6-53-dual-sim-2gb-32gb-chrome-silver\/#primaryimage\",\"url\":\"https:\/\/spacetech.pt\/site\/wp-content\/uploads\/2023\/02\/Xiaomi-Redmi-10A-653-Dual-SIM-2GB32GB-Chrome-Silver.jpg\",\"contentUrl\":\"https:\/\/spacetech.pt\/site\/wp-content\/uploads\/2023\/02\/Xiaomi-Redmi-10A-653-Dual-SIM-2GB32GB-Chrome-Silver.jpg\",\"width\":800,\"height\":800,\"caption\":\"Xiaomi Redmi 10A 653 Dual SIM 2GB32GB Chrome Silver\"},{\"@type\":\"BreadcrumbList\",\"@id\":\"https:\/\/spacetech.pt\/site\/product\/xiaomi-redmi-10a-6-53-dual-sim-2gb-32gb-chrome-silver\/#breadcrumb\",\"itemListElement\":[{\"@type\":\"ListItem\",\"position\":1,\"name\":\"In\u00edcio\",\"item\":\"https:\/\/spacetech.pt\/site\/\"},{\"@type\":\"ListItem\",\"position\":2,\"name\":\"Loja de Telem\u00f3veis\",\"item\":\"https:\/\/spacetech.pt\/site\/\"},{\"@type\":\"ListItem\",\"position\":3,\"name\":\"Xiaomi Redmi 10A 6.53&#8243; Dual SIM 2GB\/32GB Chrome Silver\"}]},{\"@type\":\"WebSite\",\"@id\":\"https:\/\/spacetech.pt\/site\/#website\",\"url\":\"https:\/\/spacetech.pt\/site\/\",\"name\":\"SpaceTech\",\"description\":\"Gadgets de Qualidade\",\"publisher\":{\"@id\":\"https:\/\/spacetech.pt\/site\/#organization\"},\"potentialAction\":[{\"@type\":\"SearchAction\",\"target\":{\"@type\":\"EntryPoint\",\"urlTemplate\":\"https:\/\/spacetech.pt\/site\/?s={search_term_string}\"},\"query-input\":{\"@type\":\"PropertyValueSpecification\",\"valueRequired\":true,\"valueName\":\"search_term_string\"}}],\"inLanguage\":\"pt-BR\"},{\"@type\":\"Organization\",\"@id\":\"https:\/\/spacetech.pt\/site\/#organization\",\"name\":\"SpaceTech\",\"url\":\"https:\/\/spacetech.pt\/site\/\",\"logo\":{\"@type\":\"ImageObject\",\"inLanguage\":\"pt-BR\",\"@id\":\"https:\/\/spacetech.pt\/site\/#\/schema\/logo\/image\/\",\"url\":\"https:\/\/spacetech.pt\/site\/wp-content\/uploads\/2021\/01\/cropped-logo-spacetech-quadrado.jpg\",\"contentUrl\":\"https:\/\/spacetech.pt\/site\/wp-content\/uploads\/2021\/01\/cropped-logo-spacetech-quadrado.jpg\",\"width\":512,\"height\":512,\"caption\":\"SpaceTech\"},\"image\":{\"@id\":\"https:\/\/spacetech.pt\/site\/#\/schema\/logo\/image\/\"},\"sameAs\":[\"https:\/\/www.facebook.com\/SpaceTech-104699978252826\",\"https:\/\/www.instagram.com\/spacetech.pt\/\"]}]}<\/script>\n<!-- \/ Yoast SEO plugin. -->","yoast_head_json":{"title":"Xiaomi Redmi 10A 6.53\" Dual SIM 2GB\/32GB Chrome Silver | SpaceTech","description":"Xiaomi Redmi 10A em prata, 32 GB de capacidade em um terminal com c\u00e2mera de 13 MP e bateria de 5000 mAh Processador MediaTek H\u00e9lio G25 - 2 GB de RAM - 32 GB","robots":{"index":"index","follow":"follow","max-snippet":"max-snippet:-1","max-image-preview":"max-image-preview:large","max-video-preview":"max-video-preview:-1"},"canonical":"https:\/\/spacetech.pt\/site\/product\/xiaomi-redmi-10a-6-53-dual-sim-2gb-32gb-chrome-silver\/","og_locale":"pt_BR","og_type":"article","og_title":"Xiaomi Redmi 10A 6.53\" Dual SIM 2GB\/32GB Chrome Silver | SpaceTech","og_description":"Xiaomi Redmi 10A em prata, 32 GB de capacidade em um terminal com c\u00e2mera de 13 MP e bateria de 5000 mAh Processador MediaTek H\u00e9lio G25 - 2 GB de RAM - 32 GB","og_url":"https:\/\/spacetech.pt\/site\/product\/xiaomi-redmi-10a-6-53-dual-sim-2gb-32gb-chrome-silver\/","og_site_name":"SpaceTech","article_publisher":"https:\/\/www.facebook.com\/SpaceTech-104699978252826","article_modified_time":"2023-03-14T12:48:18+00:00","og_image":[{"width":800,"height":800,"url":"https:\/\/spacetech.pt\/site\/wp-content\/uploads\/2023\/02\/Xiaomi-Redmi-10A-653-Dual-SIM-2GB32GB-Chrome-Silver.jpg","type":"image\/jpeg"}],"twitter_card":"summary_large_image","twitter_misc":{"Est. tempo de leitura":"1 minuto"},"schema":{"@context":"https:\/\/schema.org","@graph":[{"@type":"WebPage","@id":"https:\/\/spacetech.pt\/site\/product\/xiaomi-redmi-10a-6-53-dual-sim-2gb-32gb-chrome-silver\/","url":"https:\/\/spacetech.pt\/site\/product\/xiaomi-redmi-10a-6-53-dual-sim-2gb-32gb-chrome-silver\/","name":"Xiaomi Redmi 10A 6.53\" Dual SIM 2GB\/32GB Chrome Silver | SpaceTech","isPartOf":{"@id":"https:\/\/spacetech.pt\/site\/#website"},"primaryImageOfPage":{"@id":"https:\/\/spacetech.pt\/site\/product\/xiaomi-redmi-10a-6-53-dual-sim-2gb-32gb-chrome-silver\/#primaryimage"},"image":{"@id":"https:\/\/spacetech.pt\/site\/product\/xiaomi-redmi-10a-6-53-dual-sim-2gb-32gb-chrome-silver\/#primaryimage"},"thumbnailUrl":"https:\/\/spacetech.pt\/site\/wp-content\/uploads\/2023\/02\/Xiaomi-Redmi-10A-653-Dual-SIM-2GB32GB-Chrome-Silver.jpg","datePublished":"2023-02-24T11:35:24+00:00","dateModified":"2023-03-14T12:48:18+00:00","description":"Xiaomi Redmi 10A em prata, 32 GB de capacidade em um terminal com c\u00e2mera de 13 MP e bateria de 5000 mAh Processador MediaTek H\u00e9lio G25 - 2 GB de RAM - 32 GB","breadcrumb":{"@id":"https:\/\/spacetech.pt\/site\/product\/xiaomi-redmi-10a-6-53-dual-sim-2gb-32gb-chrome-silver\/#breadcrumb"},"inLanguage":"pt-BR","potentialAction":[{"@type":"ReadAction","target":["https:\/\/spacetech.pt\/site\/product\/xiaomi-redmi-10a-6-53-dual-sim-2gb-32gb-chrome-silver\/"]}]},{"@type":"ImageObject","inLanguage":"pt-BR","@id":"https:\/\/spacetech.pt\/site\/product\/xiaomi-redmi-10a-6-53-dual-sim-2gb-32gb-chrome-silver\/#primaryimage","url":"https:\/\/spacetech.pt\/site\/wp-content\/uploads\/2023\/02\/Xiaomi-Redmi-10A-653-Dual-SIM-2GB32GB-Chrome-Silver.jpg","contentUrl":"https:\/\/spacetech.pt\/site\/wp-content\/uploads\/2023\/02\/Xiaomi-Redmi-10A-653-Dual-SIM-2GB32GB-Chrome-Silver.jpg","width":800,"height":800,"caption":"Xiaomi Redmi 10A 653 Dual SIM 2GB32GB Chrome Silver"},{"@type":"BreadcrumbList","@id":"https:\/\/spacetech.pt\/site\/product\/xiaomi-redmi-10a-6-53-dual-sim-2gb-32gb-chrome-silver\/#breadcrumb","itemListElement":[{"@type":"ListItem","position":1,"name":"In\u00edcio","item":"https:\/\/spacetech.pt\/site\/"},{"@type":"ListItem","position":2,"name":"Loja de Telem\u00f3veis","item":"https:\/\/spacetech.pt\/site\/"},{"@type":"ListItem","position":3,"name":"Xiaomi Redmi 10A 6.53&#8243; Dual SIM 2GB\/32GB Chrome Silver"}]},{"@type":"WebSite","@id":"https:\/\/spacetech.pt\/site\/#website","url":"https:\/\/spacetech.pt\/site\/","name":"SpaceTech","description":"Gadgets de Qualidade","publisher":{"@id":"https:\/\/spacetech.pt\/site\/#organization"},"potentialAction":[{"@type":"SearchAction","target":{"@type":"EntryPoint","urlTemplate":"https:\/\/spacetech.pt\/site\/?s={search_term_string}"},"query-input":{"@type":"PropertyValueSpecification","valueRequired":true,"valueName":"search_term_string"}}],"inLanguage":"pt-BR"},{"@type":"Organization","@id":"https:\/\/spacetech.pt\/site\/#organization","name":"SpaceTech","url":"https:\/\/spacetech.pt\/site\/","logo":{"@type":"ImageObject","inLanguage":"pt-BR","@id":"https:\/\/spacetech.pt\/site\/#\/schema\/logo\/image\/","url":"https:\/\/spacetech.pt\/site\/wp-content\/uploads\/2021\/01\/cropped-logo-spacetech-quadrado.jpg","contentUrl":"https:\/\/spacetech.pt\/site\/wp-content\/uploads\/2021\/01\/cropped-logo-spacetech-quadrado.jpg","width":512,"height":512,"caption":"SpaceTech"},"image":{"@id":"https:\/\/spacetech.pt\/site\/#\/schema\/logo\/image\/"},"sameAs":["https:\/\/www.facebook.com\/SpaceTech-104699978252826","https:\/\/www.instagram.com\/spacetech.pt\/"]}]}},"jetpack_sharing_enabled":true,"_links":{"self":[{"href":"https:\/\/spacetech.pt\/site\/wp-json\/wp\/v2\/product\/1653","targetHints":{"allow":["GET"]}}],"collection":[{"href":"https:\/\/spacetech.pt\/site\/wp-json\/wp\/v2\/product"}],"about":[{"href":"https:\/\/spacetech.pt\/site\/wp-json\/wp\/v2\/types\/product"}],"replies":[{"embeddable":true,"href":"https:\/\/spacetech.pt\/site\/wp-json\/wp\/v2\/comments?post=1653"}],"wp:featuredmedia":[{"embeddable":true,"href":"https:\/\/spacetech.pt\/site\/wp-json\/wp\/v2\/media\/1654"}],"wp:attachment":[{"href":"https:\/\/spacetech.pt\/site\/wp-json\/wp\/v2\/media?parent=1653"}],"wp:term":[{"taxonomy":"product_brand","embeddable":true,"href":"https:\/\/spacetech.pt\/site\/wp-json\/wp\/v2\/product_brand?post=1653"},{"taxonomy":"product_cat","embeddable":true,"href":"https:\/\/spacetech.pt\/site\/wp-json\/wp\/v2\/product_cat?post=1653"},{"taxonomy":"product_tag","embeddable":true,"href":"https:\/\/spacetech.pt\/site\/wp-json\/wp\/v2\/product_tag?post=1653"}],"curies":[{"name":"wp","href":"https:\/\/api.w.org\/{rel}","templated":true}]}}