{"id":1622,"date":"2022-12-07T20:34:55","date_gmt":"2022-12-07T20:34:55","guid":{"rendered":"https:\/\/spacetech.pt\/site\/?post_type=product&#038;p=1622"},"modified":"2024-07-18T12:43:31","modified_gmt":"2024-07-18T12:43:31","slug":"oppo-a17-6-56-dual-sim-4gb-64gb-midnight-black-2","status":"publish","type":"product","link":"https:\/\/spacetech.pt\/site\/product\/oppo-a17-6-56-dual-sim-4gb-64gb-midnight-black-2\/","title":{"rendered":"Oppo A17 6.56&#8243; Dual SIM 4GB\/64GB Midnight Black"},"content":{"rendered":"<div class=\"c-fxyIaD\">\n<div class=\"c-gbBGZW\">\n<h1 class=\"c-gEIijh\">Oppo A17 6.56&#8243; Dual SIM 4GB\/64GB Midnight Black<\/h1>\n<\/div>\n<\/div>\n<div class=\"c-hmAmmA\">\n<div class=\"c-fnGGQw\" aria-label=\"share\"><\/div>\n<\/div>\n","protected":false},"excerpt":{"rendered":"<section class=\"c-gYBZre c-gXQJeI\">\n<h2 class=\"c-kzxGrr\">Detalhes do Produto<\/h2>\n<div class=\"c-fkoqBN\">\n<div>\n<div id=\"description_kk_product\" data-created-id=\"10548\">\n<p>Se \u00e9 um apaixonado pela IT e a eletr\u00f3nica, gosta de estar em dia com as \u00faltimas tend\u00eancias em termos de tecnologia e n\u00e3o deixa escapar detalhes, compre Smartphone Oppo A17 6.56\u201c 64 GB 4 GB RAM por grosso.Ecr\u00e3: 6.56\u201cCapacidade: 64 GBMem\u00f3ria RAM: 4 GB RAMLPDDR4XTipo: Sensor de proximidadeDual SIMSem subscri\u00e7\u00e3oCor: PretoCaracter\u00edsticas: GPSCorreio eletr\u00f3nicoSensor de luz ambientalMMSVideochamadaEcr\u00e3 planoSMSLeitor de impress\u00f5es digitaisSensor geomagn\u00e9ticoPanda GlassConex\u00f5es: USBMicro USBConetividade: BluetoothWi-Finano SIMBeiDouWCDMABluetooth Low EnergyWi-Fi 5 GHzSistema Operativo: AndroidAndroid 12Abertura: F\/1,8Tecnologia: LEDGlonassBluetooth aptX low LatencyLCDCapacitiveSensores: Aceler\u00f3metroGirosc\u00f3pioAuriculares: 3,5 mmBateria: 5000 mAhInclui: Adaptador ACAltifalanteProcessador: 2.3 GHzMediaTekMediaTek Helio G35C\u00e2mara: 5 MPFrontalTriploC\u00e2mara de tr\u00e1s com flashFun\u00e7\u00f5es: ECOResolu\u00e7\u00e3o: 1920 x 1080 px2 mpx269 dpi720p,1080pConex\u00e3o: 4GFormato: Vibra\u00e7\u00e3oFluxo luminoso: 480 LmCart\u00f5es de Mem\u00f3ria Compat\u00edveis: MicroSD (TransFlash)\u00c2ngulo: 77\u00baFactor de forma: BARVelocidade: 60 HzConte\u00fado da caixa: Instrumento para extrair cart\u00f5es SIM4G: LTE-TDD\/LTE-FDDPlaca Gr\u00e1fica: IMG GE8320N\u00facleos: 8 N\u00facleos<\/p>\n<\/div>\n<\/div>\n<div class=\"c-jKOUQW\">\n<div id=\"sas_37914\" class=\"c-gJyRpC\"><\/div>\n<\/div>\n<\/div>\n<\/section>\n<div class=\"c-gOYXKZ\"><span class=\"c-cUnbMK\">C\u00f3digo de barras:<\/span><span class=\"c-ijYvwD\">6932169319911<\/span><\/div>\n<div class=\"c-gOYXKZ\"><span class=\"c-cUnbMK\">Refer\u00eancia:<\/span><span class=\"c-ijYvwD\">6932169319911<\/span><\/div>\n","protected":false},"featured_media":1623,"comment_status":"open","ping_status":"closed","template":"","meta":[],"product_brand":[],"product_cat":[89],"product_tag":[182,159,181],"class_list":{"0":"post-1622","1":"product","2":"type-product","3":"status-publish","4":"has-post-thumbnail","6":"product_cat-oppo","7":"product_tag-a17","8":"product_tag-oppo","9":"product_tag-oppo-a17-6-56-dual-sim-4gb-64gb-midnight-black","11":"first","12":"outofstock","13":"taxable","14":"shipping-taxable","15":"purchasable","16":"product-type-simple"},"yoast_head":"<!-- This site is optimized with the Yoast SEO plugin v27.0 - https:\/\/yoast.com\/product\/yoast-seo-wordpress\/ -->\n<title>Oppo A17 6.56&quot; Dual SIM 4GB\/64GB Midnight Black | SpaceTech<\/title>\n<meta name=\"description\" content=\"Se \u00e9 um apaixonado pela IT e a eletr\u00f3nica, gosta de estar em dia com as \u00faltimas tend\u00eancias em termos de tecnologia e n\u00e3o deixa escapar detalhes\" \/>\n<meta name=\"robots\" content=\"index, follow, max-snippet:-1, max-image-preview:large, max-video-preview:-1\" \/>\n<link rel=\"canonical\" href=\"https:\/\/spacetech.pt\/site\/product\/oppo-a17-6-56-dual-sim-4gb-64gb-midnight-black-2\/\" \/>\n<meta property=\"og:locale\" content=\"pt_BR\" \/>\n<meta property=\"og:type\" content=\"article\" \/>\n<meta property=\"og:title\" content=\"Oppo A17 6.56&quot; Dual SIM 4GB\/64GB Midnight Black | SpaceTech\" \/>\n<meta property=\"og:description\" content=\"Se \u00e9 um apaixonado pela IT e a eletr\u00f3nica, gosta de estar em dia com as \u00faltimas tend\u00eancias em termos de tecnologia e n\u00e3o deixa escapar detalhes\" \/>\n<meta property=\"og:url\" content=\"https:\/\/spacetech.pt\/site\/product\/oppo-a17-6-56-dual-sim-4gb-64gb-midnight-black-2\/\" \/>\n<meta property=\"og:site_name\" content=\"SpaceTech\" \/>\n<meta property=\"article:publisher\" content=\"https:\/\/www.facebook.com\/SpaceTech-104699978252826\" \/>\n<meta property=\"article:modified_time\" content=\"2024-07-18T12:43:31+00:00\" \/>\n<meta property=\"og:image\" content=\"https:\/\/spacetech.pt\/site\/wp-content\/uploads\/2022\/12\/Oppo-A17-656-Dual-SIM-4GB64GB-Midnight-Black.jpg\" \/>\n\t<meta property=\"og:image:width\" content=\"600\" \/>\n\t<meta property=\"og:image:height\" content=\"600\" \/>\n\t<meta property=\"og:image:type\" content=\"image\/jpeg\" \/>\n<meta name=\"twitter:card\" content=\"summary_large_image\" \/>\n<meta name=\"twitter:label1\" content=\"Est. tempo de leitura\" \/>\n\t<meta name=\"twitter:data1\" content=\"1 minuto\" \/>\n<script type=\"application\/ld+json\" class=\"yoast-schema-graph\">{\"@context\":\"https:\/\/schema.org\",\"@graph\":[{\"@type\":\"WebPage\",\"@id\":\"https:\/\/spacetech.pt\/site\/product\/oppo-a17-6-56-dual-sim-4gb-64gb-midnight-black-2\/\",\"url\":\"https:\/\/spacetech.pt\/site\/product\/oppo-a17-6-56-dual-sim-4gb-64gb-midnight-black-2\/\",\"name\":\"Oppo A17 6.56\\\" Dual SIM 4GB\/64GB Midnight Black | SpaceTech\",\"isPartOf\":{\"@id\":\"https:\/\/spacetech.pt\/site\/#website\"},\"primaryImageOfPage\":{\"@id\":\"https:\/\/spacetech.pt\/site\/product\/oppo-a17-6-56-dual-sim-4gb-64gb-midnight-black-2\/#primaryimage\"},\"image\":{\"@id\":\"https:\/\/spacetech.pt\/site\/product\/oppo-a17-6-56-dual-sim-4gb-64gb-midnight-black-2\/#primaryimage\"},\"thumbnailUrl\":\"https:\/\/spacetech.pt\/site\/wp-content\/uploads\/2022\/12\/Oppo-A17-656-Dual-SIM-4GB64GB-Midnight-Black.jpg\",\"datePublished\":\"2022-12-07T20:34:55+00:00\",\"dateModified\":\"2024-07-18T12:43:31+00:00\",\"description\":\"Se \u00e9 um apaixonado pela IT e a eletr\u00f3nica, gosta de estar em dia com as \u00faltimas tend\u00eancias em termos de tecnologia e n\u00e3o deixa escapar detalhes\",\"breadcrumb\":{\"@id\":\"https:\/\/spacetech.pt\/site\/product\/oppo-a17-6-56-dual-sim-4gb-64gb-midnight-black-2\/#breadcrumb\"},\"inLanguage\":\"pt-BR\",\"potentialAction\":[{\"@type\":\"ReadAction\",\"target\":[\"https:\/\/spacetech.pt\/site\/product\/oppo-a17-6-56-dual-sim-4gb-64gb-midnight-black-2\/\"]}]},{\"@type\":\"ImageObject\",\"inLanguage\":\"pt-BR\",\"@id\":\"https:\/\/spacetech.pt\/site\/product\/oppo-a17-6-56-dual-sim-4gb-64gb-midnight-black-2\/#primaryimage\",\"url\":\"https:\/\/spacetech.pt\/site\/wp-content\/uploads\/2022\/12\/Oppo-A17-656-Dual-SIM-4GB64GB-Midnight-Black.jpg\",\"contentUrl\":\"https:\/\/spacetech.pt\/site\/wp-content\/uploads\/2022\/12\/Oppo-A17-656-Dual-SIM-4GB64GB-Midnight-Black.jpg\",\"width\":600,\"height\":600,\"caption\":\"Oppo A17 6.56\\\" Dual SIM 4GB\/64GB Midnight Black\"},{\"@type\":\"BreadcrumbList\",\"@id\":\"https:\/\/spacetech.pt\/site\/product\/oppo-a17-6-56-dual-sim-4gb-64gb-midnight-black-2\/#breadcrumb\",\"itemListElement\":[{\"@type\":\"ListItem\",\"position\":1,\"name\":\"In\u00edcio\",\"item\":\"https:\/\/spacetech.pt\/site\/\"},{\"@type\":\"ListItem\",\"position\":2,\"name\":\"Loja de Telem\u00f3veis\",\"item\":\"https:\/\/spacetech.pt\/site\/\"},{\"@type\":\"ListItem\",\"position\":3,\"name\":\"Oppo A17 6.56&#8243; Dual SIM 4GB\/64GB Midnight Black\"}]},{\"@type\":\"WebSite\",\"@id\":\"https:\/\/spacetech.pt\/site\/#website\",\"url\":\"https:\/\/spacetech.pt\/site\/\",\"name\":\"SpaceTech\",\"description\":\"Gadgets de Qualidade\",\"publisher\":{\"@id\":\"https:\/\/spacetech.pt\/site\/#organization\"},\"potentialAction\":[{\"@type\":\"SearchAction\",\"target\":{\"@type\":\"EntryPoint\",\"urlTemplate\":\"https:\/\/spacetech.pt\/site\/?s={search_term_string}\"},\"query-input\":{\"@type\":\"PropertyValueSpecification\",\"valueRequired\":true,\"valueName\":\"search_term_string\"}}],\"inLanguage\":\"pt-BR\"},{\"@type\":\"Organization\",\"@id\":\"https:\/\/spacetech.pt\/site\/#organization\",\"name\":\"SpaceTech\",\"url\":\"https:\/\/spacetech.pt\/site\/\",\"logo\":{\"@type\":\"ImageObject\",\"inLanguage\":\"pt-BR\",\"@id\":\"https:\/\/spacetech.pt\/site\/#\/schema\/logo\/image\/\",\"url\":\"https:\/\/spacetech.pt\/site\/wp-content\/uploads\/2021\/01\/cropped-logo-spacetech-quadrado.jpg\",\"contentUrl\":\"https:\/\/spacetech.pt\/site\/wp-content\/uploads\/2021\/01\/cropped-logo-spacetech-quadrado.jpg\",\"width\":512,\"height\":512,\"caption\":\"SpaceTech\"},\"image\":{\"@id\":\"https:\/\/spacetech.pt\/site\/#\/schema\/logo\/image\/\"},\"sameAs\":[\"https:\/\/www.facebook.com\/SpaceTech-104699978252826\",\"https:\/\/www.instagram.com\/spacetech.pt\/\"]}]}<\/script>\n<!-- \/ Yoast SEO plugin. -->","yoast_head_json":{"title":"Oppo A17 6.56\" Dual SIM 4GB\/64GB Midnight Black | SpaceTech","description":"Se \u00e9 um apaixonado pela IT e a eletr\u00f3nica, gosta de estar em dia com as \u00faltimas tend\u00eancias em termos de tecnologia e n\u00e3o deixa escapar detalhes","robots":{"index":"index","follow":"follow","max-snippet":"max-snippet:-1","max-image-preview":"max-image-preview:large","max-video-preview":"max-video-preview:-1"},"canonical":"https:\/\/spacetech.pt\/site\/product\/oppo-a17-6-56-dual-sim-4gb-64gb-midnight-black-2\/","og_locale":"pt_BR","og_type":"article","og_title":"Oppo A17 6.56\" Dual SIM 4GB\/64GB Midnight Black | SpaceTech","og_description":"Se \u00e9 um apaixonado pela IT e a eletr\u00f3nica, gosta de estar em dia com as \u00faltimas tend\u00eancias em termos de tecnologia e n\u00e3o deixa escapar detalhes","og_url":"https:\/\/spacetech.pt\/site\/product\/oppo-a17-6-56-dual-sim-4gb-64gb-midnight-black-2\/","og_site_name":"SpaceTech","article_publisher":"https:\/\/www.facebook.com\/SpaceTech-104699978252826","article_modified_time":"2024-07-18T12:43:31+00:00","og_image":[{"width":600,"height":600,"url":"https:\/\/spacetech.pt\/site\/wp-content\/uploads\/2022\/12\/Oppo-A17-656-Dual-SIM-4GB64GB-Midnight-Black.jpg","type":"image\/jpeg"}],"twitter_card":"summary_large_image","twitter_misc":{"Est. tempo de leitura":"1 minuto"},"schema":{"@context":"https:\/\/schema.org","@graph":[{"@type":"WebPage","@id":"https:\/\/spacetech.pt\/site\/product\/oppo-a17-6-56-dual-sim-4gb-64gb-midnight-black-2\/","url":"https:\/\/spacetech.pt\/site\/product\/oppo-a17-6-56-dual-sim-4gb-64gb-midnight-black-2\/","name":"Oppo A17 6.56\" Dual SIM 4GB\/64GB Midnight Black | SpaceTech","isPartOf":{"@id":"https:\/\/spacetech.pt\/site\/#website"},"primaryImageOfPage":{"@id":"https:\/\/spacetech.pt\/site\/product\/oppo-a17-6-56-dual-sim-4gb-64gb-midnight-black-2\/#primaryimage"},"image":{"@id":"https:\/\/spacetech.pt\/site\/product\/oppo-a17-6-56-dual-sim-4gb-64gb-midnight-black-2\/#primaryimage"},"thumbnailUrl":"https:\/\/spacetech.pt\/site\/wp-content\/uploads\/2022\/12\/Oppo-A17-656-Dual-SIM-4GB64GB-Midnight-Black.jpg","datePublished":"2022-12-07T20:34:55+00:00","dateModified":"2024-07-18T12:43:31+00:00","description":"Se \u00e9 um apaixonado pela IT e a eletr\u00f3nica, gosta de estar em dia com as \u00faltimas tend\u00eancias em termos de tecnologia e n\u00e3o deixa escapar detalhes","breadcrumb":{"@id":"https:\/\/spacetech.pt\/site\/product\/oppo-a17-6-56-dual-sim-4gb-64gb-midnight-black-2\/#breadcrumb"},"inLanguage":"pt-BR","potentialAction":[{"@type":"ReadAction","target":["https:\/\/spacetech.pt\/site\/product\/oppo-a17-6-56-dual-sim-4gb-64gb-midnight-black-2\/"]}]},{"@type":"ImageObject","inLanguage":"pt-BR","@id":"https:\/\/spacetech.pt\/site\/product\/oppo-a17-6-56-dual-sim-4gb-64gb-midnight-black-2\/#primaryimage","url":"https:\/\/spacetech.pt\/site\/wp-content\/uploads\/2022\/12\/Oppo-A17-656-Dual-SIM-4GB64GB-Midnight-Black.jpg","contentUrl":"https:\/\/spacetech.pt\/site\/wp-content\/uploads\/2022\/12\/Oppo-A17-656-Dual-SIM-4GB64GB-Midnight-Black.jpg","width":600,"height":600,"caption":"Oppo A17 6.56\" Dual SIM 4GB\/64GB Midnight Black"},{"@type":"BreadcrumbList","@id":"https:\/\/spacetech.pt\/site\/product\/oppo-a17-6-56-dual-sim-4gb-64gb-midnight-black-2\/#breadcrumb","itemListElement":[{"@type":"ListItem","position":1,"name":"In\u00edcio","item":"https:\/\/spacetech.pt\/site\/"},{"@type":"ListItem","position":2,"name":"Loja de Telem\u00f3veis","item":"https:\/\/spacetech.pt\/site\/"},{"@type":"ListItem","position":3,"name":"Oppo A17 6.56&#8243; Dual SIM 4GB\/64GB Midnight Black"}]},{"@type":"WebSite","@id":"https:\/\/spacetech.pt\/site\/#website","url":"https:\/\/spacetech.pt\/site\/","name":"SpaceTech","description":"Gadgets de Qualidade","publisher":{"@id":"https:\/\/spacetech.pt\/site\/#organization"},"potentialAction":[{"@type":"SearchAction","target":{"@type":"EntryPoint","urlTemplate":"https:\/\/spacetech.pt\/site\/?s={search_term_string}"},"query-input":{"@type":"PropertyValueSpecification","valueRequired":true,"valueName":"search_term_string"}}],"inLanguage":"pt-BR"},{"@type":"Organization","@id":"https:\/\/spacetech.pt\/site\/#organization","name":"SpaceTech","url":"https:\/\/spacetech.pt\/site\/","logo":{"@type":"ImageObject","inLanguage":"pt-BR","@id":"https:\/\/spacetech.pt\/site\/#\/schema\/logo\/image\/","url":"https:\/\/spacetech.pt\/site\/wp-content\/uploads\/2021\/01\/cropped-logo-spacetech-quadrado.jpg","contentUrl":"https:\/\/spacetech.pt\/site\/wp-content\/uploads\/2021\/01\/cropped-logo-spacetech-quadrado.jpg","width":512,"height":512,"caption":"SpaceTech"},"image":{"@id":"https:\/\/spacetech.pt\/site\/#\/schema\/logo\/image\/"},"sameAs":["https:\/\/www.facebook.com\/SpaceTech-104699978252826","https:\/\/www.instagram.com\/spacetech.pt\/"]}]}},"jetpack_sharing_enabled":true,"_links":{"self":[{"href":"https:\/\/spacetech.pt\/site\/wp-json\/wp\/v2\/product\/1622","targetHints":{"allow":["GET"]}}],"collection":[{"href":"https:\/\/spacetech.pt\/site\/wp-json\/wp\/v2\/product"}],"about":[{"href":"https:\/\/spacetech.pt\/site\/wp-json\/wp\/v2\/types\/product"}],"replies":[{"embeddable":true,"href":"https:\/\/spacetech.pt\/site\/wp-json\/wp\/v2\/comments?post=1622"}],"wp:featuredmedia":[{"embeddable":true,"href":"https:\/\/spacetech.pt\/site\/wp-json\/wp\/v2\/media\/1623"}],"wp:attachment":[{"href":"https:\/\/spacetech.pt\/site\/wp-json\/wp\/v2\/media?parent=1622"}],"wp:term":[{"taxonomy":"product_brand","embeddable":true,"href":"https:\/\/spacetech.pt\/site\/wp-json\/wp\/v2\/product_brand?post=1622"},{"taxonomy":"product_cat","embeddable":true,"href":"https:\/\/spacetech.pt\/site\/wp-json\/wp\/v2\/product_cat?post=1622"},{"taxonomy":"product_tag","embeddable":true,"href":"https:\/\/spacetech.pt\/site\/wp-json\/wp\/v2\/product_tag?post=1622"}],"curies":[{"name":"wp","href":"https:\/\/api.w.org\/{rel}","templated":true}]}}