{"id":1599,"date":"2022-11-17T18:52:31","date_gmt":"2022-11-17T18:52:31","guid":{"rendered":"https:\/\/spacetech.pt\/site\/?post_type=product&#038;p=1599"},"modified":"2023-03-14T12:49:16","modified_gmt":"2023-03-14T12:49:16","slug":"xiaomi-redmi-9a-4g-6-53-dual-sim-2gb-32gb-black","status":"publish","type":"product","link":"https:\/\/spacetech.pt\/site\/product\/xiaomi-redmi-9a-4g-6-53-dual-sim-2gb-32gb-black\/","title":{"rendered":"Xiaomi Redmi 9A 4G 6.53&#8243; Dual Sim 2GB\/32GB Granite Gray"},"content":{"rendered":"<div class=\"c-fxyIaD\">\n<div class=\"c-gbBGZW\">\n<h1 class=\"c-gEIijh\">Xiaomi Redmi 9A 4G 6.53&#8243; Dual Sim 2GB\/32GB Black<\/h1>\n<\/div>\n<\/div>\n<div class=\"c-hmAmmA\">\n<div class=\"c-fnGGQw\" aria-label=\"share\"><\/div>\n<\/div>\n","protected":false},"excerpt":{"rendered":"<section class=\"c-gYBZre c-gXQJeI\">\n<h2 class=\"c-kzxGrr\">Detalhes do Produto<\/h2>\n<div class=\"c-fkoqBN\">\n<div>\n<div id=\"description_kk_product\" data-created-id=\"10968\">\n<p>O\u00a0Redmi 9A\u00a0fornece uma pot\u00eancia surpreendente. O CPU octa-core possui uma frequ\u00eancia principal at\u00e9 2,0 GHz, oferecendo desempenho 35% melhor que a gera\u00e7\u00e3o anterior. A GPU\u00a0PowerVR GE8320 tamb\u00e9m oferece desempenho superior.<\/p>\n<p>&nbsp;<\/p>\n<ul>\n<li>Operador:\u00a0Livre<\/li>\n<li>Dual SIM:\u00a0Sim,\u00a0Dual SIM (Nano-SIM, dual stand-by)<\/li>\n<li>Rede:\u00a04G LTE<\/li>\n<li>Sistema Operativo:\u00a0Android 10<\/li>\n<li>Chipset:\u00a0MediaTek Helio G25 (12 nm)<\/li>\n<li>Processador:\u00a0Octa-core 2.0 GHz Cortex-A53<\/li>\n<li>Gr\u00e1ficos:\u00a0PowerVR GE8320 (650 MHz)<\/li>\n<li>Armazenamento:\u00a032GB (espa\u00e7o utiliz\u00e1vel ser\u00e1 inferior) &#8211; expans\u00edvel via cart\u00e3o microSD<\/li>\n<li>Mem\u00f3ria RAM:\u00a02GB<\/li>\n<li>Ecr\u00e3:\n<ul>\n<li>Tipo: Touchscreen capacitivo\u00a0IPS LCD\u00a016 Milh\u00f5es de Cores<\/li>\n<li>Tamanho:\u00a0720 x 1600\u00a0pixels,\u00a06.53\u00a0polegadas (~269\u00a0ppi)<\/li>\n<\/ul>\n<\/li>\n<li>C\u00e2maras Traseira:\u00a013 MP, PDAF<\/li>\n<li>C\u00e2mara Frontal:\u00a05 MP, f\/2.2, 1.12\u00b5m<\/li>\n<li>Dados:\n<ul>\n<li>WLAN:\u00a0Wi-Fi 802.11 b\/g\/n, hotspot<\/li>\n<li>Bluetooth:\u00a05.0, A2DP, LE<\/li>\n<li>Infravermelhos: Sim<\/li>\n<li>USB:\u00a0microUSB 2.0, USB On-The-Go<\/li>\n<\/ul>\n<\/li>\n<li>Sensores:\u00a0Aceler\u00f4metro, girosc\u00f3pio, proximidade<\/li>\n<li>GPS:\u00a0A-GPS<\/li>\n<li>Bateria:\u00a0N\u00e3o remov\u00edvel\u00a0Li-Po 5000 mAh<\/li>\n<li>Dimens\u00f5es:\u00a0164.9 x 77 x 9 mm<\/li>\n<li>Peso:\u00a0194 g<\/li>\n<\/ul>\n<\/div>\n<p>&nbsp;<\/p>\n<\/div>\n<div class=\"c-jKOUQW\">\n<div id=\"sas_37914\"><\/div>\n<\/div>\n<\/div>\n<\/section>\n<div class=\"c-gOYXKZ\"><span class=\"c-cUnbMK\">C\u00f3digo de barras:<\/span><span class=\"c-ijYvwD\">2020000004806 | 5609999177523 | 6941059648413<\/span><\/div>\n<div class=\"c-gOYXKZ\"><span class=\"c-cUnbMK\">Refer\u00eancia:<\/span><span class=\"c-ijYvwD\">REDMI9A_32_BK | 6941059648451 | MZB9959EU<\/span><\/div>\n","protected":false},"featured_media":1600,"comment_status":"open","ping_status":"closed","template":"","meta":[],"product_brand":[],"product_cat":[86],"product_tag":[171],"class_list":{"0":"post-1599","1":"product","2":"type-product","3":"status-publish","4":"has-post-thumbnail","6":"product_cat-xiaomi","7":"product_tag-xiaomi-redmi-9a-4g-6-53-dual-sim-2gb-32gb-black","9":"first","10":"onbackorder","11":"taxable","12":"shipping-taxable","13":"purchasable","14":"product-type-simple"},"yoast_head":"<!-- This site is optimized with the Yoast SEO plugin v27.0 - https:\/\/yoast.com\/product\/yoast-seo-wordpress\/ -->\n<title>Xiaomi Redmi 9A 4G 6.53&quot; Dual Sim 2GB\/32GB Granite Gray | SpaceTech<\/title>\n<meta name=\"description\" content=\"Xiaomi Redmi 9A 4G 6.53&quot; Dual Sim 2GB\/32GB Black\" \/>\n<meta name=\"robots\" content=\"index, follow, max-snippet:-1, max-image-preview:large, max-video-preview:-1\" \/>\n<link rel=\"canonical\" href=\"https:\/\/spacetech.pt\/site\/product\/xiaomi-redmi-9a-4g-6-53-dual-sim-2gb-32gb-black\/\" \/>\n<meta property=\"og:locale\" content=\"pt_BR\" \/>\n<meta property=\"og:type\" content=\"article\" \/>\n<meta property=\"og:title\" content=\"Xiaomi Redmi 9A 4G 6.53&quot; Dual Sim 2GB\/32GB Granite Gray | SpaceTech\" \/>\n<meta property=\"og:description\" content=\"Xiaomi Redmi 9A 4G 6.53&quot; Dual Sim 2GB\/32GB Black\" \/>\n<meta property=\"og:url\" content=\"https:\/\/spacetech.pt\/site\/product\/xiaomi-redmi-9a-4g-6-53-dual-sim-2gb-32gb-black\/\" \/>\n<meta property=\"og:site_name\" content=\"SpaceTech\" \/>\n<meta property=\"article:publisher\" content=\"https:\/\/www.facebook.com\/SpaceTech-104699978252826\" \/>\n<meta property=\"article:modified_time\" content=\"2023-03-14T12:49:16+00:00\" \/>\n<meta property=\"og:image\" content=\"https:\/\/spacetech.pt\/site\/wp-content\/uploads\/2022\/11\/Xiaomi-Redmi-9A-4G-6.53-Dual-Sim-2GB32GB-Black.jpg\" \/>\n\t<meta property=\"og:image:width\" content=\"800\" \/>\n\t<meta property=\"og:image:height\" content=\"800\" \/>\n\t<meta property=\"og:image:type\" content=\"image\/jpeg\" \/>\n<meta name=\"twitter:card\" content=\"summary_large_image\" \/>\n<meta name=\"twitter:label1\" content=\"Est. tempo de leitura\" \/>\n\t<meta name=\"twitter:data1\" content=\"1 minuto\" \/>\n<script type=\"application\/ld+json\" class=\"yoast-schema-graph\">{\"@context\":\"https:\/\/schema.org\",\"@graph\":[{\"@type\":\"WebPage\",\"@id\":\"https:\/\/spacetech.pt\/site\/product\/xiaomi-redmi-9a-4g-6-53-dual-sim-2gb-32gb-black\/\",\"url\":\"https:\/\/spacetech.pt\/site\/product\/xiaomi-redmi-9a-4g-6-53-dual-sim-2gb-32gb-black\/\",\"name\":\"Xiaomi Redmi 9A 4G 6.53\\\" Dual Sim 2GB\/32GB Granite Gray | SpaceTech\",\"isPartOf\":{\"@id\":\"https:\/\/spacetech.pt\/site\/#website\"},\"primaryImageOfPage\":{\"@id\":\"https:\/\/spacetech.pt\/site\/product\/xiaomi-redmi-9a-4g-6-53-dual-sim-2gb-32gb-black\/#primaryimage\"},\"image\":{\"@id\":\"https:\/\/spacetech.pt\/site\/product\/xiaomi-redmi-9a-4g-6-53-dual-sim-2gb-32gb-black\/#primaryimage\"},\"thumbnailUrl\":\"https:\/\/spacetech.pt\/site\/wp-content\/uploads\/2022\/11\/Xiaomi-Redmi-9A-4G-6.53-Dual-Sim-2GB32GB-Black.jpg\",\"datePublished\":\"2022-11-17T18:52:31+00:00\",\"dateModified\":\"2023-03-14T12:49:16+00:00\",\"description\":\"Xiaomi Redmi 9A 4G 6.53\\\" Dual Sim 2GB\/32GB Black\",\"breadcrumb\":{\"@id\":\"https:\/\/spacetech.pt\/site\/product\/xiaomi-redmi-9a-4g-6-53-dual-sim-2gb-32gb-black\/#breadcrumb\"},\"inLanguage\":\"pt-BR\",\"potentialAction\":[{\"@type\":\"ReadAction\",\"target\":[\"https:\/\/spacetech.pt\/site\/product\/xiaomi-redmi-9a-4g-6-53-dual-sim-2gb-32gb-black\/\"]}]},{\"@type\":\"ImageObject\",\"inLanguage\":\"pt-BR\",\"@id\":\"https:\/\/spacetech.pt\/site\/product\/xiaomi-redmi-9a-4g-6-53-dual-sim-2gb-32gb-black\/#primaryimage\",\"url\":\"https:\/\/spacetech.pt\/site\/wp-content\/uploads\/2022\/11\/Xiaomi-Redmi-9A-4G-6.53-Dual-Sim-2GB32GB-Black.jpg\",\"contentUrl\":\"https:\/\/spacetech.pt\/site\/wp-content\/uploads\/2022\/11\/Xiaomi-Redmi-9A-4G-6.53-Dual-Sim-2GB32GB-Black.jpg\",\"width\":800,\"height\":800,\"caption\":\"Xiaomi Redmi 9A 4G 6.53\\\" Dual Sim 2GB\/32GB Black\"},{\"@type\":\"BreadcrumbList\",\"@id\":\"https:\/\/spacetech.pt\/site\/product\/xiaomi-redmi-9a-4g-6-53-dual-sim-2gb-32gb-black\/#breadcrumb\",\"itemListElement\":[{\"@type\":\"ListItem\",\"position\":1,\"name\":\"In\u00edcio\",\"item\":\"https:\/\/spacetech.pt\/site\/\"},{\"@type\":\"ListItem\",\"position\":2,\"name\":\"Loja de Telem\u00f3veis\",\"item\":\"https:\/\/spacetech.pt\/site\/\"},{\"@type\":\"ListItem\",\"position\":3,\"name\":\"Xiaomi Redmi 9A 4G 6.53&#8243; Dual Sim 2GB\/32GB Granite Gray\"}]},{\"@type\":\"WebSite\",\"@id\":\"https:\/\/spacetech.pt\/site\/#website\",\"url\":\"https:\/\/spacetech.pt\/site\/\",\"name\":\"SpaceTech\",\"description\":\"Gadgets de Qualidade\",\"publisher\":{\"@id\":\"https:\/\/spacetech.pt\/site\/#organization\"},\"potentialAction\":[{\"@type\":\"SearchAction\",\"target\":{\"@type\":\"EntryPoint\",\"urlTemplate\":\"https:\/\/spacetech.pt\/site\/?s={search_term_string}\"},\"query-input\":{\"@type\":\"PropertyValueSpecification\",\"valueRequired\":true,\"valueName\":\"search_term_string\"}}],\"inLanguage\":\"pt-BR\"},{\"@type\":\"Organization\",\"@id\":\"https:\/\/spacetech.pt\/site\/#organization\",\"name\":\"SpaceTech\",\"url\":\"https:\/\/spacetech.pt\/site\/\",\"logo\":{\"@type\":\"ImageObject\",\"inLanguage\":\"pt-BR\",\"@id\":\"https:\/\/spacetech.pt\/site\/#\/schema\/logo\/image\/\",\"url\":\"https:\/\/spacetech.pt\/site\/wp-content\/uploads\/2021\/01\/cropped-logo-spacetech-quadrado.jpg\",\"contentUrl\":\"https:\/\/spacetech.pt\/site\/wp-content\/uploads\/2021\/01\/cropped-logo-spacetech-quadrado.jpg\",\"width\":512,\"height\":512,\"caption\":\"SpaceTech\"},\"image\":{\"@id\":\"https:\/\/spacetech.pt\/site\/#\/schema\/logo\/image\/\"},\"sameAs\":[\"https:\/\/www.facebook.com\/SpaceTech-104699978252826\",\"https:\/\/www.instagram.com\/spacetech.pt\/\"]}]}<\/script>\n<!-- \/ Yoast SEO plugin. -->","yoast_head_json":{"title":"Xiaomi Redmi 9A 4G 6.53\" Dual Sim 2GB\/32GB Granite Gray | SpaceTech","description":"Xiaomi Redmi 9A 4G 6.53\" Dual Sim 2GB\/32GB Black","robots":{"index":"index","follow":"follow","max-snippet":"max-snippet:-1","max-image-preview":"max-image-preview:large","max-video-preview":"max-video-preview:-1"},"canonical":"https:\/\/spacetech.pt\/site\/product\/xiaomi-redmi-9a-4g-6-53-dual-sim-2gb-32gb-black\/","og_locale":"pt_BR","og_type":"article","og_title":"Xiaomi Redmi 9A 4G 6.53\" Dual Sim 2GB\/32GB Granite Gray | SpaceTech","og_description":"Xiaomi Redmi 9A 4G 6.53\" Dual Sim 2GB\/32GB Black","og_url":"https:\/\/spacetech.pt\/site\/product\/xiaomi-redmi-9a-4g-6-53-dual-sim-2gb-32gb-black\/","og_site_name":"SpaceTech","article_publisher":"https:\/\/www.facebook.com\/SpaceTech-104699978252826","article_modified_time":"2023-03-14T12:49:16+00:00","og_image":[{"width":800,"height":800,"url":"https:\/\/spacetech.pt\/site\/wp-content\/uploads\/2022\/11\/Xiaomi-Redmi-9A-4G-6.53-Dual-Sim-2GB32GB-Black.jpg","type":"image\/jpeg"}],"twitter_card":"summary_large_image","twitter_misc":{"Est. tempo de leitura":"1 minuto"},"schema":{"@context":"https:\/\/schema.org","@graph":[{"@type":"WebPage","@id":"https:\/\/spacetech.pt\/site\/product\/xiaomi-redmi-9a-4g-6-53-dual-sim-2gb-32gb-black\/","url":"https:\/\/spacetech.pt\/site\/product\/xiaomi-redmi-9a-4g-6-53-dual-sim-2gb-32gb-black\/","name":"Xiaomi Redmi 9A 4G 6.53\" Dual Sim 2GB\/32GB Granite Gray | SpaceTech","isPartOf":{"@id":"https:\/\/spacetech.pt\/site\/#website"},"primaryImageOfPage":{"@id":"https:\/\/spacetech.pt\/site\/product\/xiaomi-redmi-9a-4g-6-53-dual-sim-2gb-32gb-black\/#primaryimage"},"image":{"@id":"https:\/\/spacetech.pt\/site\/product\/xiaomi-redmi-9a-4g-6-53-dual-sim-2gb-32gb-black\/#primaryimage"},"thumbnailUrl":"https:\/\/spacetech.pt\/site\/wp-content\/uploads\/2022\/11\/Xiaomi-Redmi-9A-4G-6.53-Dual-Sim-2GB32GB-Black.jpg","datePublished":"2022-11-17T18:52:31+00:00","dateModified":"2023-03-14T12:49:16+00:00","description":"Xiaomi Redmi 9A 4G 6.53\" Dual Sim 2GB\/32GB Black","breadcrumb":{"@id":"https:\/\/spacetech.pt\/site\/product\/xiaomi-redmi-9a-4g-6-53-dual-sim-2gb-32gb-black\/#breadcrumb"},"inLanguage":"pt-BR","potentialAction":[{"@type":"ReadAction","target":["https:\/\/spacetech.pt\/site\/product\/xiaomi-redmi-9a-4g-6-53-dual-sim-2gb-32gb-black\/"]}]},{"@type":"ImageObject","inLanguage":"pt-BR","@id":"https:\/\/spacetech.pt\/site\/product\/xiaomi-redmi-9a-4g-6-53-dual-sim-2gb-32gb-black\/#primaryimage","url":"https:\/\/spacetech.pt\/site\/wp-content\/uploads\/2022\/11\/Xiaomi-Redmi-9A-4G-6.53-Dual-Sim-2GB32GB-Black.jpg","contentUrl":"https:\/\/spacetech.pt\/site\/wp-content\/uploads\/2022\/11\/Xiaomi-Redmi-9A-4G-6.53-Dual-Sim-2GB32GB-Black.jpg","width":800,"height":800,"caption":"Xiaomi Redmi 9A 4G 6.53\" Dual Sim 2GB\/32GB Black"},{"@type":"BreadcrumbList","@id":"https:\/\/spacetech.pt\/site\/product\/xiaomi-redmi-9a-4g-6-53-dual-sim-2gb-32gb-black\/#breadcrumb","itemListElement":[{"@type":"ListItem","position":1,"name":"In\u00edcio","item":"https:\/\/spacetech.pt\/site\/"},{"@type":"ListItem","position":2,"name":"Loja de Telem\u00f3veis","item":"https:\/\/spacetech.pt\/site\/"},{"@type":"ListItem","position":3,"name":"Xiaomi Redmi 9A 4G 6.53&#8243; Dual Sim 2GB\/32GB Granite Gray"}]},{"@type":"WebSite","@id":"https:\/\/spacetech.pt\/site\/#website","url":"https:\/\/spacetech.pt\/site\/","name":"SpaceTech","description":"Gadgets de Qualidade","publisher":{"@id":"https:\/\/spacetech.pt\/site\/#organization"},"potentialAction":[{"@type":"SearchAction","target":{"@type":"EntryPoint","urlTemplate":"https:\/\/spacetech.pt\/site\/?s={search_term_string}"},"query-input":{"@type":"PropertyValueSpecification","valueRequired":true,"valueName":"search_term_string"}}],"inLanguage":"pt-BR"},{"@type":"Organization","@id":"https:\/\/spacetech.pt\/site\/#organization","name":"SpaceTech","url":"https:\/\/spacetech.pt\/site\/","logo":{"@type":"ImageObject","inLanguage":"pt-BR","@id":"https:\/\/spacetech.pt\/site\/#\/schema\/logo\/image\/","url":"https:\/\/spacetech.pt\/site\/wp-content\/uploads\/2021\/01\/cropped-logo-spacetech-quadrado.jpg","contentUrl":"https:\/\/spacetech.pt\/site\/wp-content\/uploads\/2021\/01\/cropped-logo-spacetech-quadrado.jpg","width":512,"height":512,"caption":"SpaceTech"},"image":{"@id":"https:\/\/spacetech.pt\/site\/#\/schema\/logo\/image\/"},"sameAs":["https:\/\/www.facebook.com\/SpaceTech-104699978252826","https:\/\/www.instagram.com\/spacetech.pt\/"]}]}},"jetpack_sharing_enabled":true,"_links":{"self":[{"href":"https:\/\/spacetech.pt\/site\/wp-json\/wp\/v2\/product\/1599","targetHints":{"allow":["GET"]}}],"collection":[{"href":"https:\/\/spacetech.pt\/site\/wp-json\/wp\/v2\/product"}],"about":[{"href":"https:\/\/spacetech.pt\/site\/wp-json\/wp\/v2\/types\/product"}],"replies":[{"embeddable":true,"href":"https:\/\/spacetech.pt\/site\/wp-json\/wp\/v2\/comments?post=1599"}],"wp:featuredmedia":[{"embeddable":true,"href":"https:\/\/spacetech.pt\/site\/wp-json\/wp\/v2\/media\/1600"}],"wp:attachment":[{"href":"https:\/\/spacetech.pt\/site\/wp-json\/wp\/v2\/media?parent=1599"}],"wp:term":[{"taxonomy":"product_brand","embeddable":true,"href":"https:\/\/spacetech.pt\/site\/wp-json\/wp\/v2\/product_brand?post=1599"},{"taxonomy":"product_cat","embeddable":true,"href":"https:\/\/spacetech.pt\/site\/wp-json\/wp\/v2\/product_cat?post=1599"},{"taxonomy":"product_tag","embeddable":true,"href":"https:\/\/spacetech.pt\/site\/wp-json\/wp\/v2\/product_tag?post=1599"}],"curies":[{"name":"wp","href":"https:\/\/api.w.org\/{rel}","templated":true}]}}