{"id":1545,"date":"2022-07-21T17:52:27","date_gmt":"2022-07-21T17:52:27","guid":{"rendered":"https:\/\/spacetech.pt\/site\/?post_type=product&#038;p=1545"},"modified":"2024-12-17T17:18:46","modified_gmt":"2024-12-17T17:18:46","slug":"www-spacetech-pt-5","status":"publish","type":"product","link":"https:\/\/spacetech.pt\/site\/product\/www-spacetech-pt-5\/","title":{"rendered":"Samsung Galaxy A53 5G 6.46&#8243; Dual SIM 6GB\/128GB Black"},"content":{"rendered":"<h1 class=\"c-gEIijh\">Samsung Galaxy A53 5G 6.46&#8243; Dual SIM 6GB\/128GB Black<\/h1>\n","protected":false},"excerpt":{"rendered":"<section class=\"c-gYBZre c-gXQJeI\">\n<h2 class=\"c-kzxGrr\">Detalhes do Produto<\/h2>\n<div>\n<p>O\u00a0<strong>Samsung Galaxy A53 5G<\/strong>\u00a0supera todos os limites.<\/p>\n<p>Ultra r\u00e1pido e com um design \u00fanico, este smartphone da Samsung vem para redefinir o que \u00e9 o luxo.<\/p>\n<p>Com um ecr\u00e3 de 6.5&#8243; polegadas, 6GB de RAM, 128GB de mem\u00f3ria interna, um processador octa-core e c\u00e2mara qu\u00e1drupla, este aparelho permite-lhe obter uma performance acima da m\u00e9dia.<\/p>\n<p>&nbsp;<\/p>\n<p><strong>R\u00e1pido, incrivelmente r\u00e1pido<\/strong><br \/>\nA alta velocidade 5G vem mudar para sempre a forma como v\u00ea conte\u00fados em streaming ou partilha conte\u00fados com os seus amigos e a sua fam\u00edlia.<\/p>\n<p><strong>Destaca-se pela simplicidade<\/strong><br \/>\nFeito para chamar \u00e0 aten\u00e7\u00e3o. O Ambient Edge faz com que a c\u00e2mara se integre com o resto da estrutura na perfei\u00e7\u00e3o, para que o seu Galaxy seja t\u00e3o bonito quanto funcional<\/p>\n<p><strong>M\u00e3os \u00e0 obra<\/strong><br \/>\nO Galaxy A53 5G vem com um processador Octa-core 5nm que permite-lhe fazer v\u00e1rias coisas em simult\u00e2neo, at\u00e9 mesmo as tarefas mais exigentes.<\/p>\n<p><strong>Uma experi\u00eancia semelhante \u00e0 do cinema<\/strong><br \/>\nDeixe-se maravilhar com os detalhes incr\u00edveis do ecr\u00e3 Super AMOLED FHD+. O expansivo ecr\u00e3 Infinity-O de 6,5 polegadas, com at\u00e9 800 nits, permite-lhe ver os conte\u00fados na perfei\u00e7\u00e3o mesmo quando est\u00e1 no exterior. Ao mesmo tempo que reduz a luz azul, gra\u00e7as \u00e0 prote\u00e7\u00e3o para conforto dos olhos.<\/p>\n<p><strong>Ecr\u00e3 incr\u00edvel, scroll super fluido<\/strong><br \/>\nIndependentemente daquilo que ver no ecr\u00e3 Super AMOLED 120 Hz do seu Galaxy, vai conseguir sempre uma experi\u00eancia de visualiza\u00e7\u00e3o incrivelmente fluida, mais n\u00edtida, detalhada e com um maior contraste.<\/p>\n<p><strong>Fotos sempre n\u00edtidas e focadas<\/strong><br \/>\nA C\u00e2mara com v\u00e1rias lentes do Galaxy A53 5G leva as suas fotos a outro n\u00edvel. Consiga fotos mais n\u00edtidas e claras com a C\u00e2mara de 64 MP com Estabilizador de Imagem \u00d3tico, aumente o seu \u00e2ngulo de vis\u00e3o com a C\u00e2mara Ultra Grande-angular, personalize o foco com a C\u00e2mara de Profundidade e aproxime-se aos detalhes com a C\u00e2mara Macro.<\/p>\n<p><strong>V\u00eddeos com qualidade profissional<\/strong><br \/>\nCapte o mundo que o rodeia, mesmo quando est\u00e1 em movimento. O Galaxy A53 5G conta com Estabilizador de Imagem \u00d3tico para que possa fazer v\u00eddeos sem trepida\u00e7\u00e3o e captar at\u00e9 os detalhes mais pequenos, mesmo com pouca luz.<\/p>\n<p><strong>Bateria para dois dias<\/strong><br \/>\nA bateria 5.000 mAh permite-lhe fazer o que mais gosta durante mais tempo. Volte rapidamente \u00e0 carga m\u00e1xima com a Carga Super R\u00e1pida de at\u00e9 25 W e melhore o desempenho geral da sua bateria, ao ativar o modo de economia de energia adapt\u00e1vel.<\/p>\n<\/div>\n<\/section>\n<div class=\"c-gOYXKZ\"><span class=\"c-cUnbMK\">C\u00f3digo de barras:<\/span><span class=\"c-ijYvwD\">8806094095401 | 8806094095395 | 8806094268119<\/span><\/div>\n<div class=\"c-gOYXKZ\"><span class=\"c-cUnbMK\">Refer\u00eancia:<\/span><span class=\"c-ijYvwD\">8806094095401 | SM-A536BZKNEUB | SAM8806094095401-<\/span><\/div>\n","protected":false},"featured_media":1546,"comment_status":"open","ping_status":"closed","template":"","meta":[],"product_brand":[],"product_cat":[84],"product_tag":[121,120,119,109,118],"class_list":{"0":"post-1545","1":"product","2":"type-product","3":"status-publish","4":"has-post-thumbnail","6":"product_cat-samsung","7":"product_tag-5g","8":"product_tag-a53-black","9":"product_tag-galaxy","10":"product_tag-samsung","11":"product_tag-samsung-a53","13":"first","14":"outofstock","15":"taxable","16":"shipping-taxable","17":"purchasable","18":"product-type-simple"},"yoast_head":"<!-- This site is optimized with the Yoast SEO plugin v27.6 - https:\/\/yoast.com\/product\/yoast-seo-wordpress\/ -->\n<title>Samsung Galaxy A53 5G 6.46&quot; Dual SIM 6GB\/128GB Black | SpaceTech<\/title>\n<meta name=\"description\" content=\"Samsung Galaxy A53 5G 6.46&quot; Dual SIM 6GB\/128GB Black - Melhor pre\u00e7o do mercado - 5G - melhor camara - Samsung Galaxy - Smartphones Samsung\" \/>\n<meta name=\"robots\" content=\"index, follow, max-snippet:-1, max-image-preview:large, max-video-preview:-1\" \/>\n<link rel=\"canonical\" href=\"https:\/\/spacetech.pt\/site\/product\/www-spacetech-pt-5\/\" \/>\n<meta property=\"og:locale\" content=\"pt_BR\" \/>\n<meta property=\"og:type\" content=\"article\" \/>\n<meta property=\"og:title\" content=\"Samsung Galaxy A53 5G 6.46&quot; Dual SIM 6GB\/128GB Black | SpaceTech\" \/>\n<meta property=\"og:description\" content=\"Samsung Galaxy A53 5G 6.46&quot; Dual SIM 6GB\/128GB Black - Melhor pre\u00e7o do mercado - 5G - melhor camara - Samsung Galaxy - Smartphones Samsung\" \/>\n<meta property=\"og:url\" content=\"https:\/\/spacetech.pt\/site\/product\/www-spacetech-pt-5\/\" \/>\n<meta property=\"og:site_name\" content=\"SpaceTech\" \/>\n<meta property=\"article:publisher\" content=\"https:\/\/www.facebook.com\/SpaceTech-104699978252826\" \/>\n<meta property=\"article:modified_time\" content=\"2024-12-17T17:18:46+00:00\" \/>\n<meta property=\"og:image\" content=\"https:\/\/spacetech.pt\/site\/wp-content\/uploads\/2022\/07\/samsung_galaxy_a53_5g_negro_001_l.jpg\" \/>\n\t<meta property=\"og:image:width\" content=\"800\" \/>\n\t<meta property=\"og:image:height\" content=\"800\" \/>\n\t<meta property=\"og:image:type\" content=\"image\/jpeg\" \/>\n<meta name=\"twitter:card\" content=\"summary_large_image\" \/>\n<meta name=\"twitter:label1\" content=\"Est. tempo de leitura\" \/>\n\t<meta name=\"twitter:data1\" content=\"1 minuto\" \/>\n<script type=\"application\/ld+json\" class=\"yoast-schema-graph\">{\"@context\":\"https:\\\/\\\/schema.org\",\"@graph\":[{\"@type\":\"WebPage\",\"@id\":\"https:\\\/\\\/spacetech.pt\\\/site\\\/product\\\/www-spacetech-pt-5\\\/\",\"url\":\"https:\\\/\\\/spacetech.pt\\\/site\\\/product\\\/www-spacetech-pt-5\\\/\",\"name\":\"Samsung Galaxy A53 5G 6.46\\\" Dual SIM 6GB\\\/128GB Black | SpaceTech\",\"isPartOf\":{\"@id\":\"https:\\\/\\\/spacetech.pt\\\/site\\\/#website\"},\"primaryImageOfPage\":{\"@id\":\"https:\\\/\\\/spacetech.pt\\\/site\\\/product\\\/www-spacetech-pt-5\\\/#primaryimage\"},\"image\":{\"@id\":\"https:\\\/\\\/spacetech.pt\\\/site\\\/product\\\/www-spacetech-pt-5\\\/#primaryimage\"},\"thumbnailUrl\":\"https:\\\/\\\/spacetech.pt\\\/site\\\/wp-content\\\/uploads\\\/2022\\\/07\\\/samsung_galaxy_a53_5g_negro_001_l.jpg\",\"datePublished\":\"2022-07-21T17:52:27+00:00\",\"dateModified\":\"2024-12-17T17:18:46+00:00\",\"description\":\"Samsung Galaxy A53 5G 6.46\\\" Dual SIM 6GB\\\/128GB Black - Melhor pre\u00e7o do mercado - 5G - melhor camara - Samsung Galaxy - Smartphones Samsung\",\"breadcrumb\":{\"@id\":\"https:\\\/\\\/spacetech.pt\\\/site\\\/product\\\/www-spacetech-pt-5\\\/#breadcrumb\"},\"inLanguage\":\"pt-BR\",\"potentialAction\":[{\"@type\":\"ReadAction\",\"target\":[\"https:\\\/\\\/spacetech.pt\\\/site\\\/product\\\/www-spacetech-pt-5\\\/\"]}]},{\"@type\":\"ImageObject\",\"inLanguage\":\"pt-BR\",\"@id\":\"https:\\\/\\\/spacetech.pt\\\/site\\\/product\\\/www-spacetech-pt-5\\\/#primaryimage\",\"url\":\"https:\\\/\\\/spacetech.pt\\\/site\\\/wp-content\\\/uploads\\\/2022\\\/07\\\/samsung_galaxy_a53_5g_negro_001_l.jpg\",\"contentUrl\":\"https:\\\/\\\/spacetech.pt\\\/site\\\/wp-content\\\/uploads\\\/2022\\\/07\\\/samsung_galaxy_a53_5g_negro_001_l.jpg\",\"width\":800,\"height\":800,\"caption\":\"Samsung A53 Black\"},{\"@type\":\"BreadcrumbList\",\"@id\":\"https:\\\/\\\/spacetech.pt\\\/site\\\/product\\\/www-spacetech-pt-5\\\/#breadcrumb\",\"itemListElement\":[{\"@type\":\"ListItem\",\"position\":1,\"name\":\"In\u00edcio\",\"item\":\"https:\\\/\\\/spacetech.pt\\\/site\\\/\"},{\"@type\":\"ListItem\",\"position\":2,\"name\":\"Loja de Telem\u00f3veis\",\"item\":\"https:\\\/\\\/spacetech.pt\\\/site\\\/\"},{\"@type\":\"ListItem\",\"position\":3,\"name\":\"Samsung Galaxy A53 5G 6.46&#8243; Dual SIM 6GB\\\/128GB Black\"}]},{\"@type\":\"WebSite\",\"@id\":\"https:\\\/\\\/spacetech.pt\\\/site\\\/#website\",\"url\":\"https:\\\/\\\/spacetech.pt\\\/site\\\/\",\"name\":\"SpaceTech\",\"description\":\"Gadgets de Qualidade\",\"publisher\":{\"@id\":\"https:\\\/\\\/spacetech.pt\\\/site\\\/#organization\"},\"potentialAction\":[{\"@type\":\"SearchAction\",\"target\":{\"@type\":\"EntryPoint\",\"urlTemplate\":\"https:\\\/\\\/spacetech.pt\\\/site\\\/?s={search_term_string}\"},\"query-input\":{\"@type\":\"PropertyValueSpecification\",\"valueRequired\":true,\"valueName\":\"search_term_string\"}}],\"inLanguage\":\"pt-BR\"},{\"@type\":\"Organization\",\"@id\":\"https:\\\/\\\/spacetech.pt\\\/site\\\/#organization\",\"name\":\"SpaceTech\",\"url\":\"https:\\\/\\\/spacetech.pt\\\/site\\\/\",\"logo\":{\"@type\":\"ImageObject\",\"inLanguage\":\"pt-BR\",\"@id\":\"https:\\\/\\\/spacetech.pt\\\/site\\\/#\\\/schema\\\/logo\\\/image\\\/\",\"url\":\"https:\\\/\\\/spacetech.pt\\\/site\\\/wp-content\\\/uploads\\\/2021\\\/01\\\/cropped-logo-spacetech-quadrado.jpg\",\"contentUrl\":\"https:\\\/\\\/spacetech.pt\\\/site\\\/wp-content\\\/uploads\\\/2021\\\/01\\\/cropped-logo-spacetech-quadrado.jpg\",\"width\":512,\"height\":512,\"caption\":\"SpaceTech\"},\"image\":{\"@id\":\"https:\\\/\\\/spacetech.pt\\\/site\\\/#\\\/schema\\\/logo\\\/image\\\/\"},\"sameAs\":[\"https:\\\/\\\/www.facebook.com\\\/SpaceTech-104699978252826\",\"https:\\\/\\\/www.instagram.com\\\/spacetech.pt\\\/\"]}]}<\/script>\n<!-- \/ Yoast SEO plugin. -->","yoast_head_json":{"title":"Samsung Galaxy A53 5G 6.46\" Dual SIM 6GB\/128GB Black | SpaceTech","description":"Samsung Galaxy A53 5G 6.46\" Dual SIM 6GB\/128GB Black - Melhor pre\u00e7o do mercado - 5G - melhor camara - Samsung Galaxy - Smartphones Samsung","robots":{"index":"index","follow":"follow","max-snippet":"max-snippet:-1","max-image-preview":"max-image-preview:large","max-video-preview":"max-video-preview:-1"},"canonical":"https:\/\/spacetech.pt\/site\/product\/www-spacetech-pt-5\/","og_locale":"pt_BR","og_type":"article","og_title":"Samsung Galaxy A53 5G 6.46\" Dual SIM 6GB\/128GB Black | SpaceTech","og_description":"Samsung Galaxy A53 5G 6.46\" Dual SIM 6GB\/128GB Black - Melhor pre\u00e7o do mercado - 5G - melhor camara - Samsung Galaxy - Smartphones Samsung","og_url":"https:\/\/spacetech.pt\/site\/product\/www-spacetech-pt-5\/","og_site_name":"SpaceTech","article_publisher":"https:\/\/www.facebook.com\/SpaceTech-104699978252826","article_modified_time":"2024-12-17T17:18:46+00:00","og_image":[{"width":800,"height":800,"url":"https:\/\/spacetech.pt\/site\/wp-content\/uploads\/2022\/07\/samsung_galaxy_a53_5g_negro_001_l.jpg","type":"image\/jpeg"}],"twitter_card":"summary_large_image","twitter_misc":{"Est. tempo de leitura":"1 minuto"},"schema":{"@context":"https:\/\/schema.org","@graph":[{"@type":"WebPage","@id":"https:\/\/spacetech.pt\/site\/product\/www-spacetech-pt-5\/","url":"https:\/\/spacetech.pt\/site\/product\/www-spacetech-pt-5\/","name":"Samsung Galaxy A53 5G 6.46\" Dual SIM 6GB\/128GB Black | SpaceTech","isPartOf":{"@id":"https:\/\/spacetech.pt\/site\/#website"},"primaryImageOfPage":{"@id":"https:\/\/spacetech.pt\/site\/product\/www-spacetech-pt-5\/#primaryimage"},"image":{"@id":"https:\/\/spacetech.pt\/site\/product\/www-spacetech-pt-5\/#primaryimage"},"thumbnailUrl":"https:\/\/spacetech.pt\/site\/wp-content\/uploads\/2022\/07\/samsung_galaxy_a53_5g_negro_001_l.jpg","datePublished":"2022-07-21T17:52:27+00:00","dateModified":"2024-12-17T17:18:46+00:00","description":"Samsung Galaxy A53 5G 6.46\" Dual SIM 6GB\/128GB Black - Melhor pre\u00e7o do mercado - 5G - melhor camara - Samsung Galaxy - Smartphones Samsung","breadcrumb":{"@id":"https:\/\/spacetech.pt\/site\/product\/www-spacetech-pt-5\/#breadcrumb"},"inLanguage":"pt-BR","potentialAction":[{"@type":"ReadAction","target":["https:\/\/spacetech.pt\/site\/product\/www-spacetech-pt-5\/"]}]},{"@type":"ImageObject","inLanguage":"pt-BR","@id":"https:\/\/spacetech.pt\/site\/product\/www-spacetech-pt-5\/#primaryimage","url":"https:\/\/spacetech.pt\/site\/wp-content\/uploads\/2022\/07\/samsung_galaxy_a53_5g_negro_001_l.jpg","contentUrl":"https:\/\/spacetech.pt\/site\/wp-content\/uploads\/2022\/07\/samsung_galaxy_a53_5g_negro_001_l.jpg","width":800,"height":800,"caption":"Samsung A53 Black"},{"@type":"BreadcrumbList","@id":"https:\/\/spacetech.pt\/site\/product\/www-spacetech-pt-5\/#breadcrumb","itemListElement":[{"@type":"ListItem","position":1,"name":"In\u00edcio","item":"https:\/\/spacetech.pt\/site\/"},{"@type":"ListItem","position":2,"name":"Loja de Telem\u00f3veis","item":"https:\/\/spacetech.pt\/site\/"},{"@type":"ListItem","position":3,"name":"Samsung Galaxy A53 5G 6.46&#8243; Dual SIM 6GB\/128GB Black"}]},{"@type":"WebSite","@id":"https:\/\/spacetech.pt\/site\/#website","url":"https:\/\/spacetech.pt\/site\/","name":"SpaceTech","description":"Gadgets de Qualidade","publisher":{"@id":"https:\/\/spacetech.pt\/site\/#organization"},"potentialAction":[{"@type":"SearchAction","target":{"@type":"EntryPoint","urlTemplate":"https:\/\/spacetech.pt\/site\/?s={search_term_string}"},"query-input":{"@type":"PropertyValueSpecification","valueRequired":true,"valueName":"search_term_string"}}],"inLanguage":"pt-BR"},{"@type":"Organization","@id":"https:\/\/spacetech.pt\/site\/#organization","name":"SpaceTech","url":"https:\/\/spacetech.pt\/site\/","logo":{"@type":"ImageObject","inLanguage":"pt-BR","@id":"https:\/\/spacetech.pt\/site\/#\/schema\/logo\/image\/","url":"https:\/\/spacetech.pt\/site\/wp-content\/uploads\/2021\/01\/cropped-logo-spacetech-quadrado.jpg","contentUrl":"https:\/\/spacetech.pt\/site\/wp-content\/uploads\/2021\/01\/cropped-logo-spacetech-quadrado.jpg","width":512,"height":512,"caption":"SpaceTech"},"image":{"@id":"https:\/\/spacetech.pt\/site\/#\/schema\/logo\/image\/"},"sameAs":["https:\/\/www.facebook.com\/SpaceTech-104699978252826","https:\/\/www.instagram.com\/spacetech.pt\/"]}]}},"jetpack_sharing_enabled":true,"_links":{"self":[{"href":"https:\/\/spacetech.pt\/site\/wp-json\/wp\/v2\/product\/1545","targetHints":{"allow":["GET"]}}],"collection":[{"href":"https:\/\/spacetech.pt\/site\/wp-json\/wp\/v2\/product"}],"about":[{"href":"https:\/\/spacetech.pt\/site\/wp-json\/wp\/v2\/types\/product"}],"replies":[{"embeddable":true,"href":"https:\/\/spacetech.pt\/site\/wp-json\/wp\/v2\/comments?post=1545"}],"wp:featuredmedia":[{"embeddable":true,"href":"https:\/\/spacetech.pt\/site\/wp-json\/wp\/v2\/media\/1546"}],"wp:attachment":[{"href":"https:\/\/spacetech.pt\/site\/wp-json\/wp\/v2\/media?parent=1545"}],"wp:term":[{"taxonomy":"product_brand","embeddable":true,"href":"https:\/\/spacetech.pt\/site\/wp-json\/wp\/v2\/product_brand?post=1545"},{"taxonomy":"product_cat","embeddable":true,"href":"https:\/\/spacetech.pt\/site\/wp-json\/wp\/v2\/product_cat?post=1545"},{"taxonomy":"product_tag","embeddable":true,"href":"https:\/\/spacetech.pt\/site\/wp-json\/wp\/v2\/product_tag?post=1545"}],"curies":[{"name":"wp","href":"https:\/\/api.w.org\/{rel}","templated":true}]}}